{"id":1123,"date":"2014-07-23T08:40:18","date_gmt":"2014-07-23T08:40:18","guid":{"rendered":"http:\/\/www.nemus.pt\/?page_id=1123"},"modified":"2014-11-03T20:19:05","modified_gmt":"2014-11-03T20:19:05","slug":"programas-operacionais-do-fundo-social-europeu","status":"publish","type":"page","link":"https:\/\/www.nemus.pt\/pt\/projetos\/politicas-publicas\/programas-operacionais-do-fundo-social-europeu\/","title":{"rendered":"Programas operacionais do Fundo Social Europeu, Uni\u00e3o Europeia"},"content":{"rendered":"<p>A Nemus foi a consultora escolhida para fazer uma s\u00edntese dos quatro programas operacionais (PO) nacionais co-financiados pelo Fundo Social Europeu (FSE) no per\u00edodo 2007-2013.<\/p>\n<p>Neste processo, a Nemus coordenou o estudo portugu\u00eas dos PO Tem\u00e1tico Potencial Humano, PO FSE A\u00e7ores, PO de Valoriza\u00e7\u00e3o e Coes\u00e3o Social da Regi\u00e3o Aut\u00f3noma da Madeira e PO de Assist\u00eancia T\u00e9cnica FSE e produziu um conjunto de relat\u00f3rios de s\u00edntese sobre a aplica\u00e7\u00e3o nacional e por Programa Operacional, al\u00e9m de um documento espec\u00edfico sobre o PO Potencial Humano do Quadro de Refer\u00eancia Estrat\u00e9gico Nacional.<\/p>\n<p>Na sequ\u00eancia deste trabalho, a Ecotec voltou a solicitar a colabora\u00e7\u00e3o da Nemus para o estudo da situa\u00e7\u00e3o das mulheres com defici\u00eancia na Europa \u00e0 luz da Conven\u00e7\u00e3o das Na\u00e7\u00f5es Unidas sobre os Direitos das Pessoas com Defici\u00eancia.<\/p>","protected":false},"excerpt":{"rendered":"<p>A Nemus foi a consultora escolhida para fazer uma s\u00edntese dos quatro programas operacionais (PO) nacionais co-financiados pelo Fundo Social Europeu (FSE) no per\u00edodo 2007-2013. Neste processo, a Nemus coordenou o estudo portugu\u00eas dos PO Tem\u00e1tico Potencial Humano, PO FSE &#8230;<\/p>\n","protected":false},"author":3,"featured_media":2252,"parent":171,"menu_order":6,"comment_status":"open","ping_status":"closed","template":"","meta":{"_acf_changed":false,"footnotes":""},"class_list":["post-1123","page","type-page","status-publish","has-post-thumbnail","hentry"],"acf":[],"_links":{"self":[{"href":"https:\/\/www.nemus.pt\/pt\/wp-json\/wp\/v2\/pages\/1123","targetHints":{"allow":["GET"]}}],"collection":[{"href":"https:\/\/www.nemus.pt\/pt\/wp-json\/wp\/v2\/pages"}],"about":[{"href":"https:\/\/www.nemus.pt\/pt\/wp-json\/wp\/v2\/types\/page"}],"author":[{"embeddable":true,"href":"https:\/\/www.nemus.pt\/pt\/wp-json\/wp\/v2\/users\/3"}],"replies":[{"embeddable":true,"href":"https:\/\/www.nemus.pt\/pt\/wp-json\/wp\/v2\/comments?post=1123"}],"version-history":[{"count":0,"href":"https:\/\/www.nemus.pt\/pt\/wp-json\/wp\/v2\/pages\/1123\/revisions"}],"up":[{"embeddable":true,"href":"https:\/\/www.nemus.pt\/pt\/wp-json\/wp\/v2\/pages\/171"}],"wp:featuredmedia":[{"embeddable":true,"href":"https:\/\/www.nemus.pt\/pt\/wp-json\/wp\/v2\/media\/2252"}],"wp:attachment":[{"href":"https:\/\/www.nemus.pt\/pt\/wp-json\/wp\/v2\/media?parent=1123"}],"curies":[{"name":"wp","href":"https:\/\/api.w.org\/{rel}","templated":true}]}}

Programas operacionais do Fundo Social Europeu, União Europeia

<p>A Nemus foi a consultora escolhida para fazer uma síntese dos quatro programas operacionais (PO) nacionais co-financiados pelo Fundo Social Europeu (FSE) no período 2007-2013.</p>
<p>Neste processo, a Nemus coordenou o estudo português dos PO Temático Potencial Humano, PO FSE Açores, PO de Valorização e Coesão Social da Região Autónoma da Madeira e PO de Assistência Técnica FSE e produziu um conjunto de relatórios de síntese sobre a aplicação nacional e por Programa Operacional, além de um documento específico sobre o PO Potencial Humano do Quadro de Referência Estratégico Nacional.</p>
<p>Na sequência deste trabalho, a Ecotec voltou a solicitar a colaboração da Nemus para o estudo da situação das mulheres com deficiência na Europa à luz da Convenção das Nações Unidas sobre os Direitos das Pessoas com Deficiência.</p>

<p>A Nemus foi a consultora escolhida para fazer uma síntese dos quatro programas operacionais (PO) nacionais co-financiados pelo Fundo Social Europeu (FSE) no período 2007-2013. Neste processo, a Nemus coordenou o estudo português dos PO Temático Potencial Humano, PO FSE &#8230;</p>
