{"id":1131,"date":"2014-07-23T08:54:17","date_gmt":"2014-07-23T08:54:17","guid":{"rendered":"http:\/\/www.nemus.pt\/?page_id=1131"},"modified":"2016-04-28T18:13:14","modified_gmt":"2016-04-28T18:13:14","slug":"programa-operacional-do-ambiente-2","status":"publish","type":"page","link":"https:\/\/www.nemus.pt\/pt\/projetos\/politicas-publicas\/programa-operacional-do-ambiente-2\/","title":{"rendered":"Programa Operacional do Ambiente, Portugal"},"content":{"rendered":"<p><\/p>\n<p align=\"left\">A avalia\u00e7\u00e3o intercalar do Programa Operacional do Ambiente no per\u00edodo de 2000 a 2003 inseriu-se no Quadro Comunit\u00e1rio de Apoio para 2000-2006 e pretendeu aferir o contributo do Programa para a pol\u00edtica de ambiente nacional, nomeadamente nos dom\u00ednios da gest\u00e3o sustent\u00e1vel e do ordenamento do territ\u00f3rio, da melhoria do ambiente urbano, da sustentabilidade e das atividades econ\u00f3micas.<\/p>\n<p align=\"left\">O estudo de \u00e2mbito nacional e a respetiva atualiza\u00e7\u00e3o foram executados nos bi\u00e9nios 2002\/2003 e 2004\/2005, envolvendo pesquisa documental, an\u00e1lise exaustiva dos dossiers dos projetos aprovados, explora\u00e7\u00e3o dos sistemas de informa\u00e7\u00e3o do Programa Operacional do Ambiente, um inqu\u00e9rito a todos promotores, estudos de caso abrangendo as diferentes tipologias de projeto e entrevistas com os representantes dos principais promotores de cada medida.<\/p>\n<p><\/p>","protected":false},"excerpt":{"rendered":"<p>A avalia\u00e7\u00e3o intercalar do Programa Operacional do Ambiente no per\u00edodo de 2000 a 2003 inseriu-se no Quadro Comunit\u00e1rio de Apoio para 2000-2006 e pretendeu aferir o contributo do Programa para a pol\u00edtica de ambiente nacional, nomeadamente nos dom\u00ednios da gest\u00e3o &#8230;<\/p>\n","protected":false},"author":3,"featured_media":2250,"parent":171,"menu_order":3,"comment_status":"open","ping_status":"closed","template":"","meta":{"_acf_changed":false,"footnotes":""},"class_list":["post-1131","page","type-page","status-publish","has-post-thumbnail","hentry"],"acf":[],"_links":{"self":[{"href":"https:\/\/www.nemus.pt\/pt\/wp-json\/wp\/v2\/pages\/1131","targetHints":{"allow":["GET"]}}],"collection":[{"href":"https:\/\/www.nemus.pt\/pt\/wp-json\/wp\/v2\/pages"}],"about":[{"href":"https:\/\/www.nemus.pt\/pt\/wp-json\/wp\/v2\/types\/page"}],"author":[{"embeddable":true,"href":"https:\/\/www.nemus.pt\/pt\/wp-json\/wp\/v2\/users\/3"}],"replies":[{"embeddable":true,"href":"https:\/\/www.nemus.pt\/pt\/wp-json\/wp\/v2\/comments?post=1131"}],"version-history":[{"count":0,"href":"https:\/\/www.nemus.pt\/pt\/wp-json\/wp\/v2\/pages\/1131\/revisions"}],"up":[{"embeddable":true,"href":"https:\/\/www.nemus.pt\/pt\/wp-json\/wp\/v2\/pages\/171"}],"wp:featuredmedia":[{"embeddable":true,"href":"https:\/\/www.nemus.pt\/pt\/wp-json\/wp\/v2\/media\/2250"}],"wp:attachment":[{"href":"https:\/\/www.nemus.pt\/pt\/wp-json\/wp\/v2\/media?parent=1131"}],"curies":[{"name":"wp","href":"https:\/\/api.w.org\/{rel}","templated":true}]}}

<p></p>
<p align="left">A avaliação intercalar do Programa Operacional do Ambiente no período de 2000 a 2003 inseriu-se no Quadro Comunitário de Apoio para 2000-2006 e pretendeu aferir o contributo do Programa para a política de ambiente nacional, nomeadamente nos domínios da gestão sustentável e do ordenamento do território, da melhoria do ambiente urbano, da sustentabilidade e das atividades económicas.</p>
<p align="left">O estudo de âmbito nacional e a respetiva atualização foram executados nos biénios 2002/2003 e 2004/2005, envolvendo pesquisa documental, análise exaustiva dos dossiers dos projetos aprovados, exploração dos sistemas de informação do Programa Operacional do Ambiente, um inquérito a todos promotores, estudos de caso abrangendo as diferentes tipologias de projeto e entrevistas com os representantes dos principais promotores de cada medida.</p>
<p></p>

<p>A avaliação intercalar do Programa Operacional do Ambiente no período de 2000 a 2003 inseriu-se no Quadro Comunitário de Apoio para 2000-2006 e pretendeu aferir o contributo do Programa para a política de ambiente nacional, nomeadamente nos domínios da gestão &#8230;</p>
