{"id":1132,"date":"2014-07-23T08:54:14","date_gmt":"2014-07-23T08:54:14","guid":{"rendered":"http:\/\/www.nemus.pt\/?page_id=1132"},"modified":"2016-12-05T16:40:17","modified_gmt":"2016-12-05T16:40:17","slug":"conservacao-da-natureza-e-biodiversidade-2","status":"publish","type":"page","link":"https:\/\/www.nemus.pt\/pt\/projetos\/politicas-publicas\/conservacao-da-natureza-e-biodiversidade-2\/","title":{"rendered":"Conserva\u00e7\u00e3o da natureza e biodiversidade, Portugal"},"content":{"rendered":"<p><\/p>\n<p align=\"left\">A Dire\u00e7\u00e3o Geral do Ambiente solicitou \u00e0 Nemus uma avalia\u00e7\u00e3o das componentes conserva\u00e7\u00e3o da natureza e biodiversidade para suporte \u00e0 prepara\u00e7\u00e3o do 3\u00ba Quadro Comunit\u00e1rio de Apoio (QCA III) que iria vigorar entre 2000 e 2006.<\/p>\n<p align=\"left\">Recorrendo a m\u00e9todos diretos e indiretos, este estudo caraterizou a situa\u00e7\u00e3o de refer\u00eancia, avaliou o contributo dos anteriores Quadros Comunit\u00e1rios de Apoio e definiu objetivos para o per\u00edodo 2000-2010 e especificamente para 2000-2006. Foi ainda proposto um conjunto de programas para esses seis anos e apresentada uma estimativa das necessidades de financiamento, considerando os potenciais contributos do QCA III.<\/p>\n<p><\/p>","protected":false},"excerpt":{"rendered":"<p>A Dire\u00e7\u00e3o Geral do Ambiente solicitou \u00e0 Nemus uma avalia\u00e7\u00e3o das componentes conserva\u00e7\u00e3o da natureza e biodiversidade para suporte \u00e0 prepara\u00e7\u00e3o do 3\u00ba Quadro Comunit\u00e1rio de Apoio (QCA III) que iria vigorar entre 2000 e 2006. Recorrendo a m\u00e9todos diretos &#8230;<\/p>\n","protected":false},"author":3,"featured_media":2248,"parent":171,"menu_order":2,"comment_status":"open","ping_status":"closed","template":"","meta":{"_acf_changed":false,"footnotes":""},"class_list":["post-1132","page","type-page","status-publish","has-post-thumbnail","hentry"],"acf":[],"_links":{"self":[{"href":"https:\/\/www.nemus.pt\/pt\/wp-json\/wp\/v2\/pages\/1132","targetHints":{"allow":["GET"]}}],"collection":[{"href":"https:\/\/www.nemus.pt\/pt\/wp-json\/wp\/v2\/pages"}],"about":[{"href":"https:\/\/www.nemus.pt\/pt\/wp-json\/wp\/v2\/types\/page"}],"author":[{"embeddable":true,"href":"https:\/\/www.nemus.pt\/pt\/wp-json\/wp\/v2\/users\/3"}],"replies":[{"embeddable":true,"href":"https:\/\/www.nemus.pt\/pt\/wp-json\/wp\/v2\/comments?post=1132"}],"version-history":[{"count":0,"href":"https:\/\/www.nemus.pt\/pt\/wp-json\/wp\/v2\/pages\/1132\/revisions"}],"up":[{"embeddable":true,"href":"https:\/\/www.nemus.pt\/pt\/wp-json\/wp\/v2\/pages\/171"}],"wp:featuredmedia":[{"embeddable":true,"href":"https:\/\/www.nemus.pt\/pt\/wp-json\/wp\/v2\/media\/2248"}],"wp:attachment":[{"href":"https:\/\/www.nemus.pt\/pt\/wp-json\/wp\/v2\/media?parent=1132"}],"curies":[{"name":"wp","href":"https:\/\/api.w.org\/{rel}","templated":true}]}}

Conservação da natureza e biodiversidade, Portugal

<p></p>
<p align="left">A Direção Geral do Ambiente solicitou à Nemus uma avaliação das componentes conservação da natureza e biodiversidade para suporte à preparação do 3º Quadro Comunitário de Apoio (QCA III) que iria vigorar entre 2000 e 2006.</p>
<p align="left">Recorrendo a métodos diretos e indiretos, este estudo caraterizou a situação de referência, avaliou o contributo dos anteriores Quadros Comunitários de Apoio e definiu objetivos para o período 2000-2010 e especificamente para 2000-2006. Foi ainda proposto um conjunto de programas para esses seis anos e apresentada uma estimativa das necessidades de financiamento, considerando os potenciais contributos do QCA III.</p>
<p></p>

<p>A Direção Geral do Ambiente solicitou à Nemus uma avaliação das componentes conservação da natureza e biodiversidade para suporte à preparação do 3º Quadro Comunitário de Apoio (QCA III) que iria vigorar entre 2000 e 2006. Recorrendo a métodos diretos &#8230;</p>
