{"id":1149,"date":"2014-07-23T09:21:52","date_gmt":"2014-07-23T09:21:52","guid":{"rendered":"http:\/\/www.nemus.pt\/?page_id=1149"},"modified":"2016-10-28T14:11:41","modified_gmt":"2016-10-28T14:11:41","slug":"movimento-da-avifauna-no-novo-aeroporto-de-lisboa","status":"publish","type":"page","link":"https:\/\/www.nemus.pt\/pt\/projetos\/transportes-e-infraestruturas\/movimento-da-avifauna-no-novo-aeroporto-de-lisboa\/","title":{"rendered":"Padr\u00f5es de voo e movimentos da avifauna no novo aeroporto de Lisboa, Portugal"},"content":{"rendered":"<p>O novo aeroporto internacional de Lisboa ficar\u00e1 localizado numa extensa plan\u00edcie rural, nas margens do estu\u00e1rio do Tejo \u2013 uma \u00e1rea h\u00famida protegida a n\u00edvel nacional e internacional, importante local de congrega\u00e7\u00e3o de aves migrat\u00f3rias.<\/p>\n<p>Este estudo teve como objetivo conhecer com elevado detalhe t\u00e9cnico todos os movimentos efetuados pelas aves, ao longo de um ano, numa \u00e1rea de cerca de 700 km2, para permitir avaliar o risco potencial de colis\u00e3o destas com as aeronaves que passar\u00e3o a utilizar este espa\u00e7o a\u00e9reo.<\/p>\n<p>O estudo implicou uma mobiliza\u00e7\u00e3o excecional de meios t\u00e9cnicos e humanos sem precedentes a n\u00edvel nacional (e equipar\u00e1vel a apenas alguns estudos no contexto Europeu):<\/p>\n<ul>\n<li>Instala\u00e7\u00e3o no terreno de um <strong>sistema de dois radares banda S e banda X<\/strong> (varrimento horizontal com raio de 12 km e varrimento vertical at\u00e9 3 km de altitude): recolha de dados em cont\u00ednuo, durante 365 dias, 24 horas por dia;<\/li>\n<li><strong>40 dias de trabalhos de campo<\/strong> de valida\u00e7\u00e3o visual dos sinais captados pelo sistema de radar, envolvendo: uma equipa de 21 especialistas em identifica\u00e7\u00e3o de aves que produziram 323 horas de registos, em cada um dos 12 pontos de observa\u00e7\u00e3o instalados no campo;<\/li>\n<li><strong>Trabalhos de campo complementares<\/strong> de caracteriza\u00e7\u00e3o dos bi\u00f3topos e da avifauna local (n\u00e3o-migradora);<\/li>\n<li>Foram validados mais de 4.000 movimentos, de cerca de 40.000 aves pertencentes a cerca de 60 esp\u00e9cies;<\/li>\n<li>Determinaram-se <strong>padr\u00f5es de movimentos<\/strong>: diurnos\/noturnos, por esta\u00e7\u00e3o do ano, por altitude, associados\/dissociados dos bi\u00f3topos, entre outros.<\/li>\n<li>Fez-se <strong>an\u00e1lise quantitativa do risco de colis\u00e3o<\/strong> de aeronaves com aves, em quatro \u00e9pocas do ano (Primavera, Ver\u00e3o, Outono e Inverno).<\/li>\n<li>Apresentou-se um <strong>plano de controlo da avifauna<\/strong> para minimizar os riscos de colis\u00e3o, ap\u00f3s entrada do aeroporto em funcionamento.<\/li>\n<\/ul>\n<p><\/p>","protected":false},"excerpt":{"rendered":"<p>O novo aeroporto internacional de Lisboa ficar\u00e1 localizado numa extensa plan\u00edcie rural, nas margens do estu\u00e1rio do Tejo \u2013 uma \u00e1rea h\u00famida protegida a n\u00edvel nacional e internacional, importante local de congrega\u00e7\u00e3o de aves migrat\u00f3rias. Este estudo teve como objetivo &#8230;<\/p>\n","protected":false},"author":3,"featured_media":2245,"parent":172,"menu_order":7,"comment_status":"open","ping_status":"closed","template":"","meta":{"_acf_changed":false,"footnotes":""},"class_list":["post-1149","page","type-page","status-publish","has-post-thumbnail","hentry"],"acf":[],"_links":{"self":[{"href":"https:\/\/www.nemus.pt\/pt\/wp-json\/wp\/v2\/pages\/1149","targetHints":{"allow":["GET"]}}],"collection":[{"href":"https:\/\/www.nemus.pt\/pt\/wp-json\/wp\/v2\/pages"}],"about":[{"href":"https:\/\/www.nemus.pt\/pt\/wp-json\/wp\/v2\/types\/page"}],"author":[{"embeddable":true,"href":"https:\/\/www.nemus.pt\/pt\/wp-json\/wp\/v2\/users\/3"}],"replies":[{"embeddable":true,"href":"https:\/\/www.nemus.pt\/pt\/wp-json\/wp\/v2\/comments?post=1149"}],"version-history":[{"count":0,"href":"https:\/\/www.nemus.pt\/pt\/wp-json\/wp\/v2\/pages\/1149\/revisions"}],"up":[{"embeddable":true,"href":"https:\/\/www.nemus.pt\/pt\/wp-json\/wp\/v2\/pages\/172"}],"wp:featuredmedia":[{"embeddable":true,"href":"https:\/\/www.nemus.pt\/pt\/wp-json\/wp\/v2\/media\/2245"}],"wp:attachment":[{"href":"https:\/\/www.nemus.pt\/pt\/wp-json\/wp\/v2\/media?parent=1149"}],"curies":[{"name":"wp","href":"https:\/\/api.w.org\/{rel}","templated":true}]}}

Padrões de voo e movimentos da avifauna no novo aeroporto de Lisboa, Portugal

<p>O novo aeroporto internacional de Lisboa ficará localizado numa extensa planície rural, nas margens do estuário do Tejo – uma área húmida protegida a nível nacional e internacional, importante local de congregação de aves migratórias.</p>
<p>Este estudo teve como objetivo conhecer com elevado detalhe técnico todos os movimentos efetuados pelas aves, ao longo de um ano, numa área de cerca de 700 km2, para permitir avaliar o risco potencial de colisão destas com as aeronaves que passarão a utilizar este espaço aéreo.</p>
<p>O estudo implicou uma mobilização excecional de meios técnicos e humanos sem precedentes a nível nacional (e equiparável a apenas alguns estudos no contexto Europeu):</p>
<ul>
<li>Instalação no terreno de um <strong>sistema de dois radares banda S e banda X</strong> (varrimento horizontal com raio de 12 km e varrimento vertical até 3 km de altitude): recolha de dados em contínuo, durante 365 dias, 24 horas por dia;</li>
<li><strong>40 dias de trabalhos de campo</strong> de validação visual dos sinais captados pelo sistema de radar, envolvendo: uma equipa de 21 especialistas em identificação de aves que produziram 323 horas de registos, em cada um dos 12 pontos de observação instalados no campo;</li>
<li><strong>Trabalhos de campo complementares</strong> de caracterização dos biótopos e da avifauna local (não-migradora);</li>
<li>Foram validados mais de 4.000 movimentos, de cerca de 40.000 aves pertencentes a cerca de 60 espécies;</li>
<li>Determinaram-se <strong>padrões de movimentos</strong>: diurnos/noturnos, por estação do ano, por altitude, associados/dissociados dos biótopos, entre outros.</li>
<li>Fez-se <strong>análise quantitativa do risco de colisão</strong> de aeronaves com aves, em quatro épocas do ano (Primavera, Verão, Outono e Inverno).</li>
<li>Apresentou-se um <strong>plano de controlo da avifauna</strong> para minimizar os riscos de colisão, após entrada do aeroporto em funcionamento.</li>
</ul>
<p></p>

<p>O novo aeroporto internacional de Lisboa ficará localizado numa extensa planície rural, nas margens do estuário do Tejo – uma área húmida protegida a nível nacional e internacional, importante local de congregação de aves migratórias. Este estudo teve como objetivo &#8230;</p>
