{"id":1175,"date":"2014-07-23T10:25:24","date_gmt":"2014-07-23T10:25:24","guid":{"rendered":"http:\/\/www.nemus.pt\/?page_id=1175"},"modified":"2016-10-28T16:02:09","modified_gmt":"2016-10-28T16:02:09","slug":"plano-de-pormenor-da-praia-de-faro","status":"publish","type":"page","link":"https:\/\/www.nemus.pt\/pt\/projetos\/desenvolvimento-urbano\/plano-de-pormenor-da-praia-de-faro\/","title":{"rendered":"Plano de pormenor da praia de Faro, Portugal"},"content":{"rendered":"<p>O plano de pormenor efetuado pelo cons\u00f3rcio Nemus \/ Baixa Atelier pretende minimizar os riscos para as pessoas e bens por via de medidas corretivas de eros\u00e3o e defesa costeira, melhorar as condi\u00e7\u00f5es de uso e habitabilidade do espa\u00e7o p\u00fablico em harmonia com o meio natural envolvente, retirar ocupa\u00e7\u00f5es em zonas de risco, repor e manter as condi\u00e7\u00f5es naturais do ecossistema.<\/p>\n<p>A \u00e1rea deste plano de pormenor integra-se na grande unidade de paisagem da ria Formosa, caracterizada por uma topografia aplanada, na qual a \u00e1gua tem um grande destaque, pela relev\u00e2ncia dos habitats associados \u00e0 zona entre-mar\u00e9s.<\/p>\n<p>As propostas desenvolvidas definiram as \u00e1reas e crit\u00e9rios para as interven\u00e7\u00f5es de renaturaliza\u00e7\u00e3o, designadamente a recupera\u00e7\u00e3o e reconstru\u00e7\u00e3o de dunas, a recria\u00e7\u00e3o de sapal e a remo\u00e7\u00e3o programada das constru\u00e7\u00f5es existentes nas \u00e1reas sujeitas ao galgamento oce\u00e2nico.<\/p>","protected":false},"excerpt":{"rendered":"<p>O plano de pormenor efetuado pelo cons\u00f3rcio Nemus \/ Baixa Atelier pretende minimizar os riscos para as pessoas e bens por via de medidas corretivas de eros\u00e3o e defesa costeira, melhorar as condi\u00e7\u00f5es de uso e habitabilidade do espa\u00e7o p\u00fablico &#8230;<\/p>\n","protected":false},"author":3,"featured_media":2258,"parent":173,"menu_order":4,"comment_status":"open","ping_status":"closed","template":"","meta":{"_acf_changed":false,"footnotes":""},"class_list":["post-1175","page","type-page","status-publish","has-post-thumbnail","hentry"],"acf":[],"_links":{"self":[{"href":"https:\/\/www.nemus.pt\/pt\/wp-json\/wp\/v2\/pages\/1175","targetHints":{"allow":["GET"]}}],"collection":[{"href":"https:\/\/www.nemus.pt\/pt\/wp-json\/wp\/v2\/pages"}],"about":[{"href":"https:\/\/www.nemus.pt\/pt\/wp-json\/wp\/v2\/types\/page"}],"author":[{"embeddable":true,"href":"https:\/\/www.nemus.pt\/pt\/wp-json\/wp\/v2\/users\/3"}],"replies":[{"embeddable":true,"href":"https:\/\/www.nemus.pt\/pt\/wp-json\/wp\/v2\/comments?post=1175"}],"version-history":[{"count":0,"href":"https:\/\/www.nemus.pt\/pt\/wp-json\/wp\/v2\/pages\/1175\/revisions"}],"up":[{"embeddable":true,"href":"https:\/\/www.nemus.pt\/pt\/wp-json\/wp\/v2\/pages\/173"}],"wp:featuredmedia":[{"embeddable":true,"href":"https:\/\/www.nemus.pt\/pt\/wp-json\/wp\/v2\/media\/2258"}],"wp:attachment":[{"href":"https:\/\/www.nemus.pt\/pt\/wp-json\/wp\/v2\/media?parent=1175"}],"curies":[{"name":"wp","href":"https:\/\/api.w.org\/{rel}","templated":true}]}}

<p>O plano de pormenor efetuado pelo consórcio Nemus / Baixa Atelier pretende minimizar os riscos para as pessoas e bens por via de medidas corretivas de erosão e defesa costeira, melhorar as condições de uso e habitabilidade do espaço público em harmonia com o meio natural envolvente, retirar ocupações em zonas de risco, repor e manter as condições naturais do ecossistema.</p>
<p>A área deste plano de pormenor integra-se na grande unidade de paisagem da ria Formosa, caracterizada por uma topografia aplanada, na qual a água tem um grande destaque, pela relevância dos habitats associados à zona entre-marés.</p>
<p>As propostas desenvolvidas definiram as áreas e critérios para as intervenções de renaturalização, designadamente a recuperação e reconstrução de dunas, a recriação de sapal e a remoção programada das construções existentes nas áreas sujeitas ao galgamento oceânico.</p>

<p>O plano de pormenor efetuado pelo consórcio Nemus / Baixa Atelier pretende minimizar os riscos para as pessoas e bens por via de medidas corretivas de erosão e defesa costeira, melhorar as condições de uso e habitabilidade do espaço público &#8230;</p>
