{"id":1176,"date":"2014-07-23T10:26:09","date_gmt":"2014-07-23T10:26:09","guid":{"rendered":"http:\/\/www.nemus.pt\/?page_id=1176"},"modified":"2014-11-03T20:22:52","modified_gmt":"2014-11-03T20:22:52","slug":"plano-diretor-municipal-de-braganca","status":"publish","type":"page","link":"https:\/\/www.nemus.pt\/pt\/projetos\/desenvolvimento-urbano\/plano-diretor-municipal-de-braganca\/","title":{"rendered":"Plano Diretor Municipal de Bragan\u00e7a, Portugal"},"content":{"rendered":"<p>A avalia\u00e7\u00e3o ambiental estrat\u00e9gica do Plano Diretor Municipal (PDM) de Bragan\u00e7a inseriu-se no processo de revis\u00e3o que garante a adequa\u00e7\u00e3o do ordenamento do territ\u00f3rio \u00e0 evolu\u00e7\u00e3o do concelho e da regi\u00e3o.<\/p>\n<p>O trabalho da Nemus descreveu e avaliou os efeitos do plano no ambiente, as alternativas razo\u00e1veis tendo em conta os objetivos definidos pelo munic\u00edpio e o \u00e2mbito de aplica\u00e7\u00e3o territorial. Foram definidos e estudados os fatores cr\u00edticos de decis\u00e3o mais relevantes para as transforma\u00e7\u00f5es territoriais deste concelho, designadamente o uso do solo e ordenamento do territ\u00f3rio, os recursos naturais e patrim\u00f3nio, a biodiversidade e a competitividade territorial. O relat\u00f3rio ambiental produzido permitiu definir um sistema de indicadores de monitoriza\u00e7\u00e3o ambiental da implementa\u00e7\u00e3o do PDM para aplica\u00e7\u00e3o e divulga\u00e7\u00e3o pelo munic\u00edpio.<\/p>\n<p>Nesta \u00e1rea, o portef\u00f3lio de trabalhos da Nemus inclui v\u00e1rias dezenas de avalia\u00e7\u00f5es ambientais estrat\u00e9gicas realizadas para munic\u00edpios portugueses e para empresas de planeamento urbano e desenvolvimento imobili\u00e1rio.<\/p>","protected":false},"excerpt":{"rendered":"<p>A avalia\u00e7\u00e3o ambiental estrat\u00e9gica do Plano Diretor Municipal (PDM) de Bragan\u00e7a inseriu-se no processo de revis\u00e3o que garante a adequa\u00e7\u00e3o do ordenamento do territ\u00f3rio \u00e0 evolu\u00e7\u00e3o do concelho e da regi\u00e3o. O trabalho da Nemus descreveu e avaliou os efeitos &#8230;<\/p>\n","protected":false},"author":3,"featured_media":2259,"parent":173,"menu_order":5,"comment_status":"open","ping_status":"closed","template":"","meta":{"_acf_changed":false,"footnotes":""},"class_list":["post-1176","page","type-page","status-publish","has-post-thumbnail","hentry"],"acf":[],"_links":{"self":[{"href":"https:\/\/www.nemus.pt\/pt\/wp-json\/wp\/v2\/pages\/1176","targetHints":{"allow":["GET"]}}],"collection":[{"href":"https:\/\/www.nemus.pt\/pt\/wp-json\/wp\/v2\/pages"}],"about":[{"href":"https:\/\/www.nemus.pt\/pt\/wp-json\/wp\/v2\/types\/page"}],"author":[{"embeddable":true,"href":"https:\/\/www.nemus.pt\/pt\/wp-json\/wp\/v2\/users\/3"}],"replies":[{"embeddable":true,"href":"https:\/\/www.nemus.pt\/pt\/wp-json\/wp\/v2\/comments?post=1176"}],"version-history":[{"count":0,"href":"https:\/\/www.nemus.pt\/pt\/wp-json\/wp\/v2\/pages\/1176\/revisions"}],"up":[{"embeddable":true,"href":"https:\/\/www.nemus.pt\/pt\/wp-json\/wp\/v2\/pages\/173"}],"wp:featuredmedia":[{"embeddable":true,"href":"https:\/\/www.nemus.pt\/pt\/wp-json\/wp\/v2\/media\/2259"}],"wp:attachment":[{"href":"https:\/\/www.nemus.pt\/pt\/wp-json\/wp\/v2\/media?parent=1176"}],"curies":[{"name":"wp","href":"https:\/\/api.w.org\/{rel}","templated":true}]}}

Plano Diretor Municipal de Bragança, Portugal

<p>A avaliação ambiental estratégica do Plano Diretor Municipal (PDM) de Bragança inseriu-se no processo de revisão que garante a adequação do ordenamento do território à evolução do concelho e da região.</p>
<p>O trabalho da Nemus descreveu e avaliou os efeitos do plano no ambiente, as alternativas razoáveis tendo em conta os objetivos definidos pelo município e o âmbito de aplicação territorial. Foram definidos e estudados os fatores críticos de decisão mais relevantes para as transformações territoriais deste concelho, designadamente o uso do solo e ordenamento do território, os recursos naturais e património, a biodiversidade e a competitividade territorial. O relatório ambiental produzido permitiu definir um sistema de indicadores de monitorização ambiental da implementação do PDM para aplicação e divulgação pelo município.</p>
<p>Nesta área, o portefólio de trabalhos da Nemus inclui várias dezenas de avaliações ambientais estratégicas realizadas para municípios portugueses e para empresas de planeamento urbano e desenvolvimento imobiliário.</p>

<p>A avaliação ambiental estratégica do Plano Diretor Municipal (PDM) de Bragança inseriu-se no processo de revisão que garante a adequação do ordenamento do território à evolução do concelho e da região. O trabalho da Nemus descreveu e avaliou os efeitos &#8230;</p>
