{"id":1194,"date":"2014-07-23T10:52:14","date_gmt":"2014-07-23T10:52:14","guid":{"rendered":"http:\/\/www.nemus.pt\/?page_id=1194"},"modified":"2014-11-03T19:50:30","modified_gmt":"2014-11-03T19:50:30","slug":"plano-de-desenvolvimento-regional-katembe-ponta-do-ouro-mocambique","status":"publish","type":"page","link":"https:\/\/www.nemus.pt\/pt\/projetos\/desenvolvimento-sustentavel\/plano-de-desenvolvimento-regional-katembe-ponta-do-ouro-mocambique\/","title":{"rendered":"Plano de Desenvolvimento Regional KaTembe \u2013 Ponta do Ouro, Mo\u00e7ambique"},"content":{"rendered":"<p>O plano de desenvolvimento regional KaTembe-Ponta do Ouro prop\u00f5e uma estrat\u00e9gia de desenvolvimento do territ\u00f3rio numa \u00e1rea de 4 mil km<sup>2<\/sup> entre a Ba\u00eda de Maputo e a \u00c1frica do Sul, identificando os eixos de dinamiza\u00e7\u00e3o priorit\u00e1ria e as infraestruturas previstas e criando o quadro adequado para os planos e projetos futuros na regi\u00e3o.<\/p>\n<p>O plano prop\u00f4s um modelo territorial ancorado nos aspetos centrais do desenvolvimento humano (sa\u00fade, educa\u00e7\u00e3o, acesso a \u00e1gua pot\u00e1vel), sem descurar a conserva\u00e7\u00e3o da natureza, o ordenamento do territ\u00f3rio, o emprego e desenvolvimento econ\u00f3mico.<\/p>\n<p>A proposta de ordenamento do territ\u00f3rio e o programa de desenvolvimento econ\u00f3mico, social e ambiental decorrentes do modelo territorial equilibraram as din\u00e2micas do desenvolvimento econ\u00f3mico e urbano com a conserva\u00e7\u00e3o da natureza e a cria\u00e7\u00e3o de infraestruturas e equipamentos. A avalia\u00e7\u00e3o ambiental a que o plano foi submetido permitiu valorizar \u00e1reas com interesse econ\u00f3mico, agr\u00edcola, florestal, ambiental e cultural e delinear normas orientadoras da gest\u00e3o e uso do territ\u00f3rio, tendo em conta as suas aptid\u00f5es e condicionantes.<\/p>","protected":false},"excerpt":{"rendered":"<p>O plano de desenvolvimento regional KaTembe-Ponta do Ouro prop\u00f5e uma estrat\u00e9gia de desenvolvimento do territ\u00f3rio numa \u00e1rea de 4 mil km2 entre a Ba\u00eda de Maputo e a \u00c1frica do Sul, identificando os eixos de dinamiza\u00e7\u00e3o priorit\u00e1ria e as infraestruturas &#8230;<\/p>\n","protected":false},"author":3,"featured_media":2220,"parent":175,"menu_order":6,"comment_status":"open","ping_status":"closed","template":"","meta":{"_acf_changed":false,"footnotes":""},"class_list":["post-1194","page","type-page","status-publish","has-post-thumbnail","hentry"],"acf":[],"_links":{"self":[{"href":"https:\/\/www.nemus.pt\/pt\/wp-json\/wp\/v2\/pages\/1194","targetHints":{"allow":["GET"]}}],"collection":[{"href":"https:\/\/www.nemus.pt\/pt\/wp-json\/wp\/v2\/pages"}],"about":[{"href":"https:\/\/www.nemus.pt\/pt\/wp-json\/wp\/v2\/types\/page"}],"author":[{"embeddable":true,"href":"https:\/\/www.nemus.pt\/pt\/wp-json\/wp\/v2\/users\/3"}],"replies":[{"embeddable":true,"href":"https:\/\/www.nemus.pt\/pt\/wp-json\/wp\/v2\/comments?post=1194"}],"version-history":[{"count":0,"href":"https:\/\/www.nemus.pt\/pt\/wp-json\/wp\/v2\/pages\/1194\/revisions"}],"up":[{"embeddable":true,"href":"https:\/\/www.nemus.pt\/pt\/wp-json\/wp\/v2\/pages\/175"}],"wp:featuredmedia":[{"embeddable":true,"href":"https:\/\/www.nemus.pt\/pt\/wp-json\/wp\/v2\/media\/2220"}],"wp:attachment":[{"href":"https:\/\/www.nemus.pt\/pt\/wp-json\/wp\/v2\/media?parent=1194"}],"curies":[{"name":"wp","href":"https:\/\/api.w.org\/{rel}","templated":true}]}}

Plano de Desenvolvimento Regional KaTembe – Ponta do Ouro, Moçambique

<p>O plano de desenvolvimento regional KaTembe-Ponta do Ouro propõe uma estratégia de desenvolvimento do território numa área de 4 mil km<sup>2</sup> entre a Baía de Maputo e a África do Sul, identificando os eixos de dinamização prioritária e as infraestruturas previstas e criando o quadro adequado para os planos e projetos futuros na região.</p>
<p>O plano propôs um modelo territorial ancorado nos aspetos centrais do desenvolvimento humano (saúde, educação, acesso a água potável), sem descurar a conservação da natureza, o ordenamento do território, o emprego e desenvolvimento económico.</p>
<p>A proposta de ordenamento do território e o programa de desenvolvimento económico, social e ambiental decorrentes do modelo territorial equilibraram as dinâmicas do desenvolvimento económico e urbano com a conservação da natureza e a criação de infraestruturas e equipamentos. A avaliação ambiental a que o plano foi submetido permitiu valorizar áreas com interesse económico, agrícola, florestal, ambiental e cultural e delinear normas orientadoras da gestão e uso do território, tendo em conta as suas aptidões e condicionantes.</p>

<p>O plano de desenvolvimento regional KaTembe-Ponta do Ouro propõe uma estratégia de desenvolvimento do território numa área de 4 mil km2 entre a Baía de Maputo e a África do Sul, identificando os eixos de dinamização prioritária e as infraestruturas &#8230;</p>
