{"id":1198,"date":"2014-07-23T10:53:26","date_gmt":"2014-07-23T10:53:26","guid":{"rendered":"http:\/\/www.nemus.pt\/?page_id=1198"},"modified":"2014-11-04T11:02:58","modified_gmt":"2014-11-04T11:02:58","slug":"requalificacao-urbanistica-de-salvador","status":"publish","type":"page","link":"https:\/\/www.nemus.pt\/pt\/projetos\/desenvolvimento-sustentavel\/requalificacao-urbanistica-de-salvador\/","title":{"rendered":"Requalifica\u00e7\u00e3o Urban\u00edstica de Salvador, Brasil"},"content":{"rendered":"<p>Salvador \u00e9 o munic\u00edpio mais populoso da regi\u00e3o nordeste do Brasil e o terceiro do pa\u00eds, com graves problemas ambientais decorrentes do crescimento desordenado. O processo de requalifica\u00e7\u00e3o da Cidade de Salvador pretende recuperar a din\u00e2mica perdida devido \u00e0 expans\u00e3o urbana da cidade, que causou uma clara degrada\u00e7\u00e3o das \u00e1reas portu\u00e1rias e do centro hist\u00f3rico.<\/p>\n<p>Os estudos ambientais e socioecon\u00f3micos realizados pelo cons\u00f3rcio Nemus\/ V&amp;S Ambiental integram, com os estudos urban\u00edsticos, uma Manifesta\u00e7\u00e3o de Interesse da Iniciativa Privada (MIP) autorizada pelo Conselho Gestor de Concess\u00f5es do Munic\u00edpio de Salvador, a qual tem como objeto a requalifica\u00e7\u00e3o urban\u00edstica das \u00e1reas da Orla Atl\u00e2ntica de Salvador, Centro Antigo e Pen\u00ednsula de Itapagipe.<\/p>\n<p>Os temas focados na avalia\u00e7\u00e3o ambiental \u2013 patrim\u00f3nio natural e cultural, popula\u00e7\u00e3o e equipamentos urbanos e uso do solo, ordenamento do territ\u00f3rio e urbanismo \u2013 procuram evidenciar as prioridades definidas pela equipa respons\u00e1vel pelos estudos urban\u00edsticos, incluindo ainda uma componente de avalia\u00e7\u00e3o de riscos sociais e naturais.<\/p>","protected":false},"excerpt":{"rendered":"<p>Salvador \u00e9 o munic\u00edpio mais populoso da regi\u00e3o nordeste do Brasil e o terceiro do pa\u00eds, com graves problemas ambientais decorrentes do crescimento desordenado. O processo de requalifica\u00e7\u00e3o da Cidade de Salvador pretende recuperar a din\u00e2mica perdida devido \u00e0 expans\u00e3o &#8230;<\/p>\n","protected":false},"author":3,"featured_media":2283,"parent":175,"menu_order":7,"comment_status":"open","ping_status":"closed","template":"","meta":{"_acf_changed":false,"footnotes":""},"class_list":["post-1198","page","type-page","status-publish","has-post-thumbnail","hentry"],"acf":[],"_links":{"self":[{"href":"https:\/\/www.nemus.pt\/pt\/wp-json\/wp\/v2\/pages\/1198","targetHints":{"allow":["GET"]}}],"collection":[{"href":"https:\/\/www.nemus.pt\/pt\/wp-json\/wp\/v2\/pages"}],"about":[{"href":"https:\/\/www.nemus.pt\/pt\/wp-json\/wp\/v2\/types\/page"}],"author":[{"embeddable":true,"href":"https:\/\/www.nemus.pt\/pt\/wp-json\/wp\/v2\/users\/3"}],"replies":[{"embeddable":true,"href":"https:\/\/www.nemus.pt\/pt\/wp-json\/wp\/v2\/comments?post=1198"}],"version-history":[{"count":0,"href":"https:\/\/www.nemus.pt\/pt\/wp-json\/wp\/v2\/pages\/1198\/revisions"}],"up":[{"embeddable":true,"href":"https:\/\/www.nemus.pt\/pt\/wp-json\/wp\/v2\/pages\/175"}],"wp:featuredmedia":[{"embeddable":true,"href":"https:\/\/www.nemus.pt\/pt\/wp-json\/wp\/v2\/media\/2283"}],"wp:attachment":[{"href":"https:\/\/www.nemus.pt\/pt\/wp-json\/wp\/v2\/media?parent=1198"}],"curies":[{"name":"wp","href":"https:\/\/api.w.org\/{rel}","templated":true}]}}

Requalificação Urbanística de Salvador, Brasil

<p>Salvador é o município mais populoso da região nordeste do Brasil e o terceiro do país, com graves problemas ambientais decorrentes do crescimento desordenado. O processo de requalificação da Cidade de Salvador pretende recuperar a dinâmica perdida devido à expansão urbana da cidade, que causou uma clara degradação das áreas portuárias e do centro histórico.</p>
<p>Os estudos ambientais e socioeconómicos realizados pelo consórcio Nemus/ V&amp;S Ambiental integram, com os estudos urbanísticos, uma Manifestação de Interesse da Iniciativa Privada (MIP) autorizada pelo Conselho Gestor de Concessões do Município de Salvador, a qual tem como objeto a requalificação urbanística das áreas da Orla Atlântica de Salvador, Centro Antigo e Península de Itapagipe.</p>
<p>Os temas focados na avaliação ambiental – património natural e cultural, população e equipamentos urbanos e uso do solo, ordenamento do território e urbanismo – procuram evidenciar as prioridades definidas pela equipa responsável pelos estudos urbanísticos, incluindo ainda uma componente de avaliação de riscos sociais e naturais.</p>

<p>Salvador é o município mais populoso da região nordeste do Brasil e o terceiro do país, com graves problemas ambientais decorrentes do crescimento desordenado. O processo de requalificação da Cidade de Salvador pretende recuperar a dinâmica perdida devido à expansão &#8230;</p>
