{"id":12,"date":"2013-11-03T19:07:51","date_gmt":"2013-11-03T19:07:51","guid":{"rendered":"http:\/\/nemus\/?page_id=12"},"modified":"2018-10-26T18:57:32","modified_gmt":"2018-10-26T18:57:32","slug":"contactos","status":"publish","type":"page","link":"https:\/\/www.nemus.pt\/pt\/contactos\/","title":{"rendered":"Contactos"},"content":{"rendered":"<p><strong>Sede Nemus &#8211; Gest\u00e3o e Requalifica\u00e7\u00e3o Ambiental, Lda.<\/strong><\/p>","protected":false},"excerpt":{"rendered":"<p>Sede Nemus &#8211; Gest\u00e3o e Requalifica\u00e7\u00e3o Ambiental, Lda.<\/p>\n","protected":false},"author":3,"featured_media":0,"parent":0,"menu_order":7,"comment_status":"open","ping_status":"open","template":"","meta":{"_acf_changed":false,"footnotes":""},"class_list":["post-12","page","type-page","status-publish","hentry"],"acf":[],"_links":{"self":[{"href":"https:\/\/www.nemus.pt\/pt\/wp-json\/wp\/v2\/pages\/12","targetHints":{"allow":["GET"]}}],"collection":[{"href":"https:\/\/www.nemus.pt\/pt\/wp-json\/wp\/v2\/pages"}],"about":[{"href":"https:\/\/www.nemus.pt\/pt\/wp-json\/wp\/v2\/types\/page"}],"author":[{"embeddable":true,"href":"https:\/\/www.nemus.pt\/pt\/wp-json\/wp\/v2\/users\/3"}],"replies":[{"embeddable":true,"href":"https:\/\/www.nemus.pt\/pt\/wp-json\/wp\/v2\/comments?post=12"}],"version-history":[{"count":0,"href":"https:\/\/www.nemus.pt\/pt\/wp-json\/wp\/v2\/pages\/12\/revisions"}],"wp:attachment":[{"href":"https:\/\/www.nemus.pt\/pt\/wp-json\/wp\/v2\/media?parent=12"}],"curies":[{"name":"wp","href":"https:\/\/api.w.org\/{rel}","templated":true}]}}

<p><strong>Sede Nemus &#8211; Gestão e Requalificação Ambiental, Lda.</strong></p>

<p>Sede Nemus &#8211; Gestão e Requalificação Ambiental, Lda.</p>
