{"id":1221,"date":"2014-07-23T11:17:52","date_gmt":"2014-07-23T11:17:52","guid":{"rendered":"http:\/\/www.nemus.pt\/?page_id=1221"},"modified":"2014-11-03T19:45:27","modified_gmt":"2014-11-03T19:45:27","slug":"desmatacao-e-desarborizacao-da-albufeira-do-alqueva","status":"publish","type":"page","link":"https:\/\/www.nemus.pt\/pt\/projetos\/recursos-naturais\/desmatacao-e-desarborizacao-da-albufeira-do-alqueva\/","title":{"rendered":"Desmata\u00e7\u00e3o e desarboriza\u00e7\u00e3o da albufeira do Alqueva, Portugal"},"content":{"rendered":"<p>O planeamento da desmata\u00e7\u00e3o e desarboriza\u00e7\u00e3o da albufeira de Alqueva materializou uma das medidas minimizadoras dos impactes na qualidade da \u00e1gua preconizado pelo estudo de impacte ambiental do Empreendimento de Fins M\u00faltiplos de Alqueva.<\/p>\n<p>O plano incluiu a execu\u00e7\u00e3o de levantamentos para caraterizar a vegeta\u00e7\u00e3o a remover e identificar os principais impactes sobre a fisiografia, a fauna e o patrim\u00f3nio cultural. Foram propostos diversos procedimentos operacionais que reduzissem significativamente os aspetos negativos associados \u00e0 remo\u00e7\u00e3o da vegeta\u00e7\u00e3o numa \u00e1rea de aproximadamente 25 mil hectares. Em simult\u00e2neo foi definido o \u00e2mbito, a estrutura organizacional e o faseamento das a\u00e7\u00f5es de corte, rechega, renova\u00e7\u00e3o e transporte de cerca de 1,2 milh\u00f5es de \u00e1rvores, assim como de uma \u00e1rea consider\u00e1vel de matos e galerias rip\u00edcolas.<\/p>\n<p>Dada a sensibilidade do tema, este foi objeto de cinco dos mais de 40 trabalhos que a Nemus realizou para a EDIA desde 1998. Em cons\u00f3rcio com a Chiron, a Nemus desenvolveu posteriormente as revis\u00f5es deste plano e o plano de prote\u00e7\u00e3o, recupera\u00e7\u00e3o e valoriza\u00e7\u00e3o do coberto vegetal nas envolventes de Alqueva e Pedr\u00f3g\u00e3o, para compensar as \u00e1reas de floresta destru\u00eddas pela desmata\u00e7\u00e3o e enchimento das albufeiras.<\/p>","protected":false},"excerpt":{"rendered":"<p>O planeamento da desmata\u00e7\u00e3o e desarboriza\u00e7\u00e3o da albufeira de Alqueva materializou uma das medidas minimizadoras dos impactes na qualidade da \u00e1gua preconizado pelo estudo de impacte ambiental do Empreendimento de Fins M\u00faltiplos de Alqueva. O plano incluiu a execu\u00e7\u00e3o de &#8230;<\/p>\n","protected":false},"author":3,"featured_media":2214,"parent":184,"menu_order":4,"comment_status":"open","ping_status":"closed","template":"","meta":{"_acf_changed":false,"footnotes":""},"class_list":["post-1221","page","type-page","status-publish","has-post-thumbnail","hentry"],"acf":[],"_links":{"self":[{"href":"https:\/\/www.nemus.pt\/pt\/wp-json\/wp\/v2\/pages\/1221","targetHints":{"allow":["GET"]}}],"collection":[{"href":"https:\/\/www.nemus.pt\/pt\/wp-json\/wp\/v2\/pages"}],"about":[{"href":"https:\/\/www.nemus.pt\/pt\/wp-json\/wp\/v2\/types\/page"}],"author":[{"embeddable":true,"href":"https:\/\/www.nemus.pt\/pt\/wp-json\/wp\/v2\/users\/3"}],"replies":[{"embeddable":true,"href":"https:\/\/www.nemus.pt\/pt\/wp-json\/wp\/v2\/comments?post=1221"}],"version-history":[{"count":0,"href":"https:\/\/www.nemus.pt\/pt\/wp-json\/wp\/v2\/pages\/1221\/revisions"}],"up":[{"embeddable":true,"href":"https:\/\/www.nemus.pt\/pt\/wp-json\/wp\/v2\/pages\/184"}],"wp:featuredmedia":[{"embeddable":true,"href":"https:\/\/www.nemus.pt\/pt\/wp-json\/wp\/v2\/media\/2214"}],"wp:attachment":[{"href":"https:\/\/www.nemus.pt\/pt\/wp-json\/wp\/v2\/media?parent=1221"}],"curies":[{"name":"wp","href":"https:\/\/api.w.org\/{rel}","templated":true}]}}

Desmatação e desarborização da albufeira do Alqueva, Portugal

<p>O planeamento da desmatação e desarborização da albufeira de Alqueva materializou uma das medidas minimizadoras dos impactes na qualidade da água preconizado pelo estudo de impacte ambiental do Empreendimento de Fins Múltiplos de Alqueva.</p>
<p>O plano incluiu a execução de levantamentos para caraterizar a vegetação a remover e identificar os principais impactes sobre a fisiografia, a fauna e o património cultural. Foram propostos diversos procedimentos operacionais que reduzissem significativamente os aspetos negativos associados à remoção da vegetação numa área de aproximadamente 25 mil hectares. Em simultâneo foi definido o âmbito, a estrutura organizacional e o faseamento das ações de corte, rechega, renovação e transporte de cerca de 1,2 milhões de árvores, assim como de uma área considerável de matos e galerias ripícolas.</p>
<p>Dada a sensibilidade do tema, este foi objeto de cinco dos mais de 40 trabalhos que a Nemus realizou para a EDIA desde 1998. Em consórcio com a Chiron, a Nemus desenvolveu posteriormente as revisões deste plano e o plano de proteção, recuperação e valorização do coberto vegetal nas envolventes de Alqueva e Pedrógão, para compensar as áreas de floresta destruídas pela desmatação e enchimento das albufeiras.</p>

<p>O planeamento da desmatação e desarborização da albufeira de Alqueva materializou uma das medidas minimizadoras dos impactes na qualidade da água preconizado pelo estudo de impacte ambiental do Empreendimento de Fins Múltiplos de Alqueva. O plano incluiu a execução de &#8230;</p>
