{"id":136,"date":"2013-12-04T17:17:56","date_gmt":"2013-12-04T17:17:56","guid":{"rendered":"http:\/\/nemus\/?page_id=136"},"modified":"2024-04-18T15:57:40","modified_gmt":"2024-04-18T15:57:40","slug":"a-nossa-equipa","status":"publish","type":"page","link":"https:\/\/www.nemus.pt\/pt\/a-nemus\/a-nossa-equipa-2\/","title":{"rendered":"A nossa equipa"},"content":{"rendered":"<p>O nosso sucesso e, em \u00faltima an\u00e1lise, tamb\u00e9m o dos nossos clientes est\u00e1 intimamente ligado \u00e0 compet\u00eancia e dedica\u00e7\u00e3o das pessoas que connosco trabalham.<\/p>\n<hr>\n<p>A Nemus \u00e9 uma empresa de capital humano que investe na capta\u00e7\u00e3o dos melhores talentos e na sua constante forma\u00e7\u00e3o e atualiza\u00e7\u00e3o. A sua estrutura assenta em equipas multidisciplinares capazes de conceber e implementar solu\u00e7\u00f5es \u00e0 medida das necessidades dos clientes e que acrescentam valor \u00e0s organiza\u00e7\u00f5es.<\/p>\n<hr>\n<div class=\"grid\"><div class=\"grid__item one-half portable-one-whole\"><\/p>\n<p><img loading=\"lazy\" decoding=\"async\" class=\"aligncenter size-full wp-image-2453\" src=\"http:\/\/www.nemus.pt\/wp-content\/uploads\/2013\/12\/DSC6586_large_300.jpg\" alt=\"_DSC6586_large_300\" width=\"248\" height=\"300\" srcset=\"https:\/\/www.nemus.pt\/wp-content\/uploads\/2013\/12\/DSC6586_large_300.jpg 248w, https:\/\/www.nemus.pt\/wp-content\/uploads\/2013\/12\/DSC6586_large_300-124x150.jpg 124w\" sizes=\"auto, (max-width: 248px) 100vw, 248px\" \/><\/p>\n<p><span style=\"line-height: 1.5em;\">Pedro Bettencourt Correia<br \/>\n<\/span><em style=\"line-height: 1.5em;\">Administrador e Diretor Geral<\/em><\/p>\n<p>Com mais de 30 anos de experi\u00eancia, especialista em Avalia\u00e7\u00e3o de Impacte Ambiental e em Geologia Marinha e Costeira, \u00e9 o l\u00edder da empresa, conhecido pela sua perseveran\u00e7a e convic\u00e7\u00e3o. Coordenou mais de 500 trabalhos nos dom\u00ednios de Avalia\u00e7\u00e3o de Impacte Ambiental, Estudos e Projetos de Engenharia Costeira, Projetos de Requalifica\u00e7\u00e3o Paisag\u00edstica e Ambiental e Planos de Ordenamento do Territ\u00f3rio.<\/p>\n<\/div><!--\n--><div class=\"grid__item one-half portable-one-whole\"><\/p>\n<p><a href=\"http:\/\/www.nemus.pt\/wp-content\/uploads\/2013\/12\/DSC6650_3001.jpg\"><img loading=\"lazy\" decoding=\"async\" class=\"alignnone size-full wp-image-2511\" src=\"http:\/\/www.nemus.pt\/wp-content\/uploads\/2013\/12\/DSC6650_3001.jpg\" alt=\"_DSC6650_300\" width=\"222\" height=\"300\" srcset=\"https:\/\/www.nemus.pt\/wp-content\/uploads\/2013\/12\/DSC6650_3001.jpg 222w, https:\/\/www.nemus.pt\/wp-content\/uploads\/2013\/12\/DSC6650_3001-111x150.jpg 111w\" sizes=\"auto, (max-width: 222px) 100vw, 222px\" \/><\/a><\/p>\n<p>Ana Ot\u00edlia Dias<br \/>\n<em>Diretora Administrativa e Financeira<\/em><\/p>\n<p>\u00c9 respons\u00e1vel pela dire\u00e7\u00e3o administrativa e financeira da empresa e coordena a \u00e1rea de suporte ao neg\u00f3cio. Sempre com uma atitude conciliadora e uma grande capacidade de trabalho, \u00e9 incans\u00e1vel no apoio a todos os projetos em todos os momentos.Como especialista em economia, colabora ainda em estudos de avalia\u00e7\u00e3o de impacte ambiental, planos de ordenamento e projetos de ambiente.<\/p>\n<\/div><\/div>\n<hr>\n<p style=\"text-align: center;\">A equipa da Nemus \u00e9 multidisciplinar e muito din\u00e2mica. Na Nemus trabalham lado a lado bi\u00f3logos e engenheiros, arquitetos e arque\u00f3logos, ge\u00f3grafos e economistas, cientistas sociais e designers, especialistas em planeamento e ge\u00f3logos, especialistas em recursos h\u00eddricos&#8230;<\/p>\n<p style=\"text-align: center;\">\u00a0T\u00e9cnicos com idades e curr\u00edculos muito diversos enriquecem esta equipa que se destaca pela sua experi\u00eancia e flexibilidade. Multifacetada e extremamente qualificada, a equipa Nemus trabalha ativamente em tr\u00eas continentes (Europa, \u00c1frica e Am\u00e9rica do Sul).\u00a0\u00a0As val\u00eancias da equipa principal sedeada em Portugal s\u00e3o complementadas por uma rede de colaboradores internacionais, constitu\u00edda e mantida segundo os mesmos padr\u00f5es de exig\u00eancia.<\/p>\n<p style=\"text-align: center;\"><a href=\"http:\/\/www.nemus.pt\/wp-content\/uploads\/2013\/12\/team7_web.jpg\"><img loading=\"lazy\" decoding=\"async\" class=\"alignnone size-full wp-image-2495\" src=\"http:\/\/www.nemus.pt\/wp-content\/uploads\/2013\/12\/team7_web.jpg\" alt=\"team7_web\" width=\"1100\" height=\"640\" srcset=\"https:\/\/www.nemus.pt\/wp-content\/uploads\/2013\/12\/team7_web.jpg 1100w, https:\/\/www.nemus.pt\/wp-content\/uploads\/2013\/12\/team7_web-150x87.jpg 150w, https:\/\/www.nemus.pt\/wp-content\/uploads\/2013\/12\/team7_web-300x174.jpg 300w, https:\/\/www.nemus.pt\/wp-content\/uploads\/2013\/12\/team7_web-1024x595.jpg 1024w, https:\/\/www.nemus.pt\/wp-content\/uploads\/2013\/12\/team7_web-600x349.jpg 600w\" sizes=\"auto, (max-width: 1100px) 100vw, 1100px\" \/><\/a><\/p>\n<p><span style=\"line-height: 1.5em;\"><hr><\/span><\/p>\n<p align=\"center\">Trabalhar na Nemus \u00e9 ter a oportunidade de participar em grandes projetos em Portugal e no estrangeiro. \u00c9 poder discutir vis\u00f5es com especialistas em \u00e1reas muito diversas. \u00c9 fazer parte de uma equipa de excel\u00eancia. \u00c9 muito mais.<\/p>\n<p><\/p>","protected":false},"excerpt":{"rendered":"<p>O nosso sucesso e, em \u00faltima an\u00e1lise, tamb\u00e9m o dos nossos clientes est\u00e1 intimamente ligado \u00e0 compet\u00eancia e dedica\u00e7\u00e3o das pessoas que connosco trabalham. A Nemus \u00e9 uma empresa de capital humano que investe na capta\u00e7\u00e3o dos melhores talentos e &#8230;<\/p>\n","protected":false},"author":3,"featured_media":2620,"parent":7,"menu_order":6,"comment_status":"open","ping_status":"open","template":"","meta":{"_acf_changed":false,"footnotes":""},"class_list":["post-136","page","type-page","status-publish","has-post-thumbnail","hentry"],"acf":[],"_links":{"self":[{"href":"https:\/\/www.nemus.pt\/pt\/wp-json\/wp\/v2\/pages\/136","targetHints":{"allow":["GET"]}}],"collection":[{"href":"https:\/\/www.nemus.pt\/pt\/wp-json\/wp\/v2\/pages"}],"about":[{"href":"https:\/\/www.nemus.pt\/pt\/wp-json\/wp\/v2\/types\/page"}],"author":[{"embeddable":true,"href":"https:\/\/www.nemus.pt\/pt\/wp-json\/wp\/v2\/users\/3"}],"replies":[{"embeddable":true,"href":"https:\/\/www.nemus.pt\/pt\/wp-json\/wp\/v2\/comments?post=136"}],"version-history":[{"count":0,"href":"https:\/\/www.nemus.pt\/pt\/wp-json\/wp\/v2\/pages\/136\/revisions"}],"up":[{"embeddable":true,"href":"https:\/\/www.nemus.pt\/pt\/wp-json\/wp\/v2\/pages\/7"}],"wp:featuredmedia":[{"embeddable":true,"href":"https:\/\/www.nemus.pt\/pt\/wp-json\/wp\/v2\/media\/2620"}],"wp:attachment":[{"href":"https:\/\/www.nemus.pt\/pt\/wp-json\/wp\/v2\/media?parent=136"}],"curies":[{"name":"wp","href":"https:\/\/api.w.org\/{rel}","templated":true}]}}

<p>O nosso sucesso e, em última análise, também o dos nossos clientes está intimamente ligado à competência e dedicação das pessoas que connosco trabalham.</p>
<hr>
<p>A Nemus é uma empresa de capital humano que investe na captação dos melhores talentos e na sua constante formação e atualização. A sua estrutura assenta em equipas multidisciplinares capazes de conceber e implementar soluções à medida das necessidades dos clientes e que acrescentam valor às organizações.</p>
<hr>
<div class="grid"><div class="grid__item one-half portable-one-whole"></p>
<p><img loading="lazy" decoding="async" class="aligncenter size-full wp-image-2453" src="http://www.nemus.pt/wp-content/uploads/2013/12/DSC6586_large_300.jpg" alt="_DSC6586_large_300" width="248" height="300" srcset="https://www.nemus.pt/wp-content/uploads/2013/12/DSC6586_large_300.jpg 248w, https://www.nemus.pt/wp-content/uploads/2013/12/DSC6586_large_300-124x150.jpg 124w" sizes="auto, (max-width: 248px) 100vw, 248px" /></p>
<p><span style="line-height: 1.5em;">Pedro Bettencourt Correia<br />
</span><em style="line-height: 1.5em;">Administrador e Diretor Geral</em></p>
<p>Com mais de 30 anos de experiência, especialista em Avaliação de Impacte Ambiental e em Geologia Marinha e Costeira, é o líder da empresa, conhecido pela sua perseverança e convicção. Coordenou mais de 500 trabalhos nos domínios de Avaliação de Impacte Ambiental, Estudos e Projetos de Engenharia Costeira, Projetos de Requalificação Paisagística e Ambiental e Planos de Ordenamento do Território.</p>
</div><!--
--><div class="grid__item one-half portable-one-whole"></p>
<p><a href="http://www.nemus.pt/wp-content/uploads/2013/12/DSC6650_3001.jpg"><img loading="lazy" decoding="async" class="alignnone size-full wp-image-2511" src="http://www.nemus.pt/wp-content/uploads/2013/12/DSC6650_3001.jpg" alt="_DSC6650_300" width="222" height="300" srcset="https://www.nemus.pt/wp-content/uploads/2013/12/DSC6650_3001.jpg 222w, https://www.nemus.pt/wp-content/uploads/2013/12/DSC6650_3001-111x150.jpg 111w" sizes="auto, (max-width: 222px) 100vw, 222px" /></a></p>
<p>Ana Otília Dias<br />
<em>Diretora Administrativa e Financeira</em></p>
<p>É responsável pela direção administrativa e financeira da empresa e coordena a área de suporte ao negócio. Sempre com uma atitude conciliadora e uma grande capacidade de trabalho, é incansável no apoio a todos os projetos em todos os momentos.Como especialista em economia, colabora ainda em estudos de avaliação de impacte ambiental, planos de ordenamento e projetos de ambiente.</p>
</div></div>
<hr>
<p style="text-align: center;">A equipa da Nemus é multidisciplinar e muito dinâmica. Na Nemus trabalham lado a lado biólogos e engenheiros, arquitetos e arqueólogos, geógrafos e economistas, cientistas sociais e designers, especialistas em planeamento e geólogos, especialistas em recursos hídricos&#8230;</p>
<p style="text-align: center;"> Técnicos com idades e currículos muito diversos enriquecem esta equipa que se destaca pela sua experiência e flexibilidade. Multifacetada e extremamente qualificada, a equipa Nemus trabalha ativamente em três continentes (Europa, África e América do Sul).  As valências da equipa principal sedeada em Portugal são complementadas por uma rede de colaboradores internacionais, constituída e mantida segundo os mesmos padrões de exigência.</p>
<p style="text-align: center;"><a href="http://www.nemus.pt/wp-content/uploads/2013/12/team7_web.jpg"><img loading="lazy" decoding="async" class="alignnone size-full wp-image-2495" src="http://www.nemus.pt/wp-content/uploads/2013/12/team7_web.jpg" alt="team7_web" width="1100" height="640" srcset="https://www.nemus.pt/wp-content/uploads/2013/12/team7_web.jpg 1100w, https://www.nemus.pt/wp-content/uploads/2013/12/team7_web-150x87.jpg 150w, https://www.nemus.pt/wp-content/uploads/2013/12/team7_web-300x174.jpg 300w, https://www.nemus.pt/wp-content/uploads/2013/12/team7_web-1024x595.jpg 1024w, https://www.nemus.pt/wp-content/uploads/2013/12/team7_web-600x349.jpg 600w" sizes="auto, (max-width: 1100px) 100vw, 1100px" /></a></p>
<p><span style="line-height: 1.5em;"><hr></span></p>
<p align="center">Trabalhar na Nemus é ter a oportunidade de participar em grandes projetos em Portugal e no estrangeiro. É poder discutir visões com especialistas em áreas muito diversas. É fazer parte de uma equipa de excelência. É muito mais.</p>
<p></p>

<p>O nosso sucesso e, em última análise, também o dos nossos clientes está intimamente ligado à competência e dedicação das pessoas que connosco trabalham. A Nemus é uma empresa de capital humano que investe na captação dos melhores talentos e &#8230;</p>
