{"id":1911,"date":"2014-10-01T16:10:20","date_gmt":"2014-10-01T16:10:20","guid":{"rendered":"http:\/\/www.nemus.pt\/?page_id=1911"},"modified":"2015-01-20T18:14:37","modified_gmt":"2015-01-20T18:14:37","slug":"medidas-compensatorias-da-barragem-de-odelouca-portugal","status":"publish","type":"page","link":"https:\/\/www.nemus.pt\/pt\/projetos\/biodiversidade-e-conservacao-da-natureza\/medidas-compensatorias-da-barragem-de-odelouca-portugal\/","title":{"rendered":"Medidas compensat\u00f3rias da barragem de Odelouca, Portugal"},"content":{"rendered":"<p>O programa base de medidas compensat\u00f3rias da barragem de Odelouca foi encomendado \u00e0 Nemus para dar seguimento \u00e0s condi\u00e7\u00f5es acordadas com a Comiss\u00e3o Europeia para autoriza\u00e7\u00e3o da constru\u00e7\u00e3o da barragem na \u00e1rea da Rede Natura 2000.<\/p>\n<p>Este estudo criou um sistema de refer\u00eancia integrando toda a informa\u00e7\u00e3o dispon\u00edvel e delineou a sequ\u00eancia de tarefas necess\u00e1rias \u00e0 execu\u00e7\u00e3o das a\u00e7\u00f5es de compensa\u00e7\u00e3o e sobrecompensa\u00e7\u00e3o ambiental definidas para minimizar os impactes significativos da barragem no patrim\u00f3nio natural da regi\u00e3o.<\/p>\n<p>A Nemus definiu um programa de a\u00e7\u00e3o com 21 medidas, num documento que apresentava os objetivos, tipologia, enquadramento, estimativa de custo, \u00e2mbitos espacial e temporal, faseamento e descri\u00e7\u00e3o geral da estrat\u00e9gia de interven\u00e7\u00e3o preconizada. As a\u00e7\u00f5es foram organizadas em v\u00e1rios subprogramas, um dos quais relativo aos estudos e monitoriza\u00e7\u00e3o e os restantes subprogramas de compensa\u00e7\u00e3o para grupos biol\u00f3gicos alvo: a galeria rip\u00edcola, avifauna, ictiofauna dul\u00e7aqu\u00edcola e lince ib\u00e9rico.<\/p>","protected":false},"excerpt":{"rendered":"<p>O programa base de medidas compensat\u00f3rias da barragem de Odelouca foi encomendado \u00e0 Nemus para dar seguimento \u00e0s condi\u00e7\u00f5es acordadas com a Comiss\u00e3o Europeia para autoriza\u00e7\u00e3o da constru\u00e7\u00e3o da barragem na \u00e1rea da Rede Natura 2000. Este estudo criou um &#8230;<\/p>\n","protected":false},"author":3,"featured_media":2185,"parent":167,"menu_order":6,"comment_status":"open","ping_status":"open","template":"","meta":{"_acf_changed":false,"footnotes":""},"class_list":["post-1911","page","type-page","status-publish","has-post-thumbnail","hentry"],"acf":[],"_links":{"self":[{"href":"https:\/\/www.nemus.pt\/pt\/wp-json\/wp\/v2\/pages\/1911","targetHints":{"allow":["GET"]}}],"collection":[{"href":"https:\/\/www.nemus.pt\/pt\/wp-json\/wp\/v2\/pages"}],"about":[{"href":"https:\/\/www.nemus.pt\/pt\/wp-json\/wp\/v2\/types\/page"}],"author":[{"embeddable":true,"href":"https:\/\/www.nemus.pt\/pt\/wp-json\/wp\/v2\/users\/3"}],"replies":[{"embeddable":true,"href":"https:\/\/www.nemus.pt\/pt\/wp-json\/wp\/v2\/comments?post=1911"}],"version-history":[{"count":0,"href":"https:\/\/www.nemus.pt\/pt\/wp-json\/wp\/v2\/pages\/1911\/revisions"}],"up":[{"embeddable":true,"href":"https:\/\/www.nemus.pt\/pt\/wp-json\/wp\/v2\/pages\/167"}],"wp:featuredmedia":[{"embeddable":true,"href":"https:\/\/www.nemus.pt\/pt\/wp-json\/wp\/v2\/media\/2185"}],"wp:attachment":[{"href":"https:\/\/www.nemus.pt\/pt\/wp-json\/wp\/v2\/media?parent=1911"}],"curies":[{"name":"wp","href":"https:\/\/api.w.org\/{rel}","templated":true}]}}

Medidas compensatórias da barragem de Odelouca, Portugal

<p>O programa base de medidas compensatórias da barragem de Odelouca foi encomendado à Nemus para dar seguimento às condições acordadas com a Comissão Europeia para autorização da construção da barragem na área da Rede Natura 2000.</p>
<p>Este estudo criou um sistema de referência integrando toda a informação disponível e delineou a sequência de tarefas necessárias à execução das ações de compensação e sobrecompensação ambiental definidas para minimizar os impactes significativos da barragem no património natural da região.</p>
<p>A Nemus definiu um programa de ação com 21 medidas, num documento que apresentava os objetivos, tipologia, enquadramento, estimativa de custo, âmbitos espacial e temporal, faseamento e descrição geral da estratégia de intervenção preconizada. As ações foram organizadas em vários subprogramas, um dos quais relativo aos estudos e monitorização e os restantes subprogramas de compensação para grupos biológicos alvo: a galeria ripícola, avifauna, ictiofauna dulçaquícola e lince ibérico.</p>

<p>O programa base de medidas compensatórias da barragem de Odelouca foi encomendado à Nemus para dar seguimento às condições acordadas com a Comissão Europeia para autorização da construção da barragem na área da Rede Natura 2000. Este estudo criou um &#8230;</p>
