{"id":215,"date":"2013-12-10T15:14:32","date_gmt":"2013-12-10T15:14:32","guid":{"rendered":"http:\/\/nemus\/?page_id=215"},"modified":"2015-07-17T17:41:43","modified_gmt":"2015-07-17T17:41:43","slug":"areas-de-risco-na-costa-alentejana","status":"publish","type":"page","link":"https:\/\/www.nemus.pt\/pt\/projetos\/areas-marinhas-e-costeiras\/a%c2%81reas-de-risco-na-costa-alentejana\/","title":{"rendered":"\u00c1reas de risco na costa Alentejana, Portugal"},"content":{"rendered":"<p>A costa Alentejana de Portugal desenvolve-se no sentido Norte-Sul ao longo de v\u00e1rios quil\u00f3metros de arribas rochosas expostas ao mar. A din\u00e2mica costeira\u00a0 desta faixa litoral implica a ocorr\u00eancia de epis\u00f3dios de altera\u00e7\u00e3o da frente rochosa, o que constitui um <b>risco, em particular considerando a\u00a0 presen\u00e7a de zonas balneares<\/b> comummente localizadas na base destas arribas.<\/p>\n<p>Neste trabalho, a Nemus analisou uma faixa costeira com cerca de 40 km de extens\u00e3o (entre Porto Covo e a praia do Carvalhal) e identificou as principais \u00e1reas com <b>risco de instabilidade das arribas<\/b>. Os <b>levantamentos geol\u00f3gicos <\/b>realizados permitiram identificar os fatores concorrentes para a instabilidade e efetuar um zonamento do tro\u00e7o costeiro segundo o risco de queda de blocos, escorregamentos e outros tipos de movimentos de massa.<\/p>\n<p>A Nemus tem realizado um <b>n\u00famero expressivo de trabalhos neste dom\u00ednio<\/b>, n\u00e3o s\u00f3 em Portugal mas tamb\u00e9m em \u00c1frica e na Am\u00e9rica do Sul, conduzindo nomeadamente v\u00e1rios projetos de avalia\u00e7\u00e3o e tratamento de arribas e campanhas de prospe\u00e7\u00e3o geot\u00e9cnica para diversas entidades p\u00fablicas e privadas.<\/p>","protected":false},"excerpt":{"rendered":"<p>A costa Alentejana de Portugal desenvolve-se no sentido Norte-Sul ao longo de v\u00e1rios quil\u00f3metros de arribas rochosas expostas ao mar. A din\u00e2mica costeira\u00a0 desta faixa litoral implica a ocorr\u00eancia de epis\u00f3dios de altera\u00e7\u00e3o da frente rochosa, o que constitui um &#8230;<\/p>\n","protected":false},"author":3,"featured_media":631,"parent":164,"menu_order":7,"comment_status":"open","ping_status":"closed","template":"","meta":{"_acf_changed":false,"footnotes":""},"class_list":["post-215","page","type-page","status-publish","has-post-thumbnail","hentry"],"acf":[],"_links":{"self":[{"href":"https:\/\/www.nemus.pt\/pt\/wp-json\/wp\/v2\/pages\/215","targetHints":{"allow":["GET"]}}],"collection":[{"href":"https:\/\/www.nemus.pt\/pt\/wp-json\/wp\/v2\/pages"}],"about":[{"href":"https:\/\/www.nemus.pt\/pt\/wp-json\/wp\/v2\/types\/page"}],"author":[{"embeddable":true,"href":"https:\/\/www.nemus.pt\/pt\/wp-json\/wp\/v2\/users\/3"}],"replies":[{"embeddable":true,"href":"https:\/\/www.nemus.pt\/pt\/wp-json\/wp\/v2\/comments?post=215"}],"version-history":[{"count":0,"href":"https:\/\/www.nemus.pt\/pt\/wp-json\/wp\/v2\/pages\/215\/revisions"}],"up":[{"embeddable":true,"href":"https:\/\/www.nemus.pt\/pt\/wp-json\/wp\/v2\/pages\/164"}],"wp:featuredmedia":[{"embeddable":true,"href":"https:\/\/www.nemus.pt\/pt\/wp-json\/wp\/v2\/media\/631"}],"wp:attachment":[{"href":"https:\/\/www.nemus.pt\/pt\/wp-json\/wp\/v2\/media?parent=215"}],"curies":[{"name":"wp","href":"https:\/\/api.w.org\/{rel}","templated":true}]}}

Áreas de risco na costa Alentejana, Portugal

<p>A costa Alentejana de Portugal desenvolve-se no sentido Norte-Sul ao longo de vários quilómetros de arribas rochosas expostas ao mar. A dinâmica costeira  desta faixa litoral implica a ocorrência de episódios de alteração da frente rochosa, o que constitui um <b>risco, em particular considerando a  presença de zonas balneares</b> comummente localizadas na base destas arribas.</p>
<p>Neste trabalho, a Nemus analisou uma faixa costeira com cerca de 40 km de extensão (entre Porto Covo e a praia do Carvalhal) e identificou as principais áreas com <b>risco de instabilidade das arribas</b>. Os <b>levantamentos geológicos </b>realizados permitiram identificar os fatores concorrentes para a instabilidade e efetuar um zonamento do troço costeiro segundo o risco de queda de blocos, escorregamentos e outros tipos de movimentos de massa.</p>
<p>A Nemus tem realizado um <b>número expressivo de trabalhos neste domínio</b>, não só em Portugal mas também em África e na América do Sul, conduzindo nomeadamente vários projetos de avaliação e tratamento de arribas e campanhas de prospeção geotécnica para diversas entidades públicas e privadas.</p>

<p>A costa Alentejana de Portugal desenvolve-se no sentido Norte-Sul ao longo de vários quilómetros de arribas rochosas expostas ao mar. A dinâmica costeira  desta faixa litoral implica a ocorrência de episódios de alteração da frente rochosa, o que constitui um &#8230;</p>
