{"id":2673,"date":"2015-07-16T11:26:31","date_gmt":"2015-07-16T11:26:31","guid":{"rendered":"http:\/\/www.nemus.pt\/pt\/?page_id=2673"},"modified":"2016-10-28T16:35:13","modified_gmt":"2016-10-28T16:35:13","slug":"modelo-de-ordenamento-para-a-orla-costeira-do-sudoeste-de-portugal-troco-espichel-odeceixe","status":"publish","type":"page","link":"https:\/\/www.nemus.pt\/pt\/projetos\/areas-marinhas-e-costeiras\/modelo-de-ordenamento-para-a-orla-costeira-do-sudoeste-de-portugal-troco-espichel-odeceixe\/","title":{"rendered":"Modelo de Ordenamento para a Orla Costeira do Sudoeste de Portugal (tro\u00e7o costeiro Espichel-Odeceixe)"},"content":{"rendered":"<p>O Modelo de Ordenamento para a Orla Costeira (MOOC) Espichel-Odeceixe insere-se num novo conceito do ordenamento do territ\u00f3rio que surge precisamente na fase de revis\u00e3o dos anteriores <strong>planos de ordenamento da orla costeira<\/strong> (POOC).<\/p>\n<p>A \u00e1rea de interven\u00e7\u00e3o do MOOC Espichel-Odeceixe abrange um tro\u00e7o costeiro de 220 km (mais de 20% da linha de costa de Portugal continental), que apresenta uma diversidade apreci\u00e1vel de condi\u00e7\u00f5es fisiogr\u00e1ficas. Esta faixa litoral tem reduzida ocupa\u00e7\u00e3o humana e possui diversas zonas de <strong>grande relev\u00e2ncia ecol\u00f3gica<\/strong>, sendo de real\u00e7ar quatro \u00e1reas da Rede Nacional de \u00c1reas Protegidas e nove \u00e1reas da Rede Natura 2000; na \u00e1rea abrangida pelo MOOC situa-se o \u00fanico local do mundo onde as cegonhas nidificam em rochedos mar\u00edtimos e ainda a \u00fanica zona em Portugal, e das \u00faltimas na Europa, onde \u00e9 poss\u00edvel ver lontras-europeias a ca\u00e7ar no mar.<\/p>\n<p>Para al\u00e9m da riqueza ecol\u00f3gica, este tro\u00e7o costeiro \u00e9 ainda reconhecido como importante <strong>destino tur\u00edstico<\/strong>, caracter\u00edstica que \u00e9 conjugada de forma not\u00e1vel com um impressionante <strong>desenvolvimento industrial<\/strong>, relacionada com a presen\u00e7a das \u00e1reas portu\u00e1rias de Set\u00fabal e de Sines (este \u00faltimo, o primeiro porto nacional em volume de carga movimentada).<\/p>\n<p>Os trabalhos a desenvolver no \u00e2mbito do MOOC Espichel-Odeceixe incluem o balan\u00e7o da implementa\u00e7\u00e3o dos POOC em vigor, a caracteriza\u00e7\u00e3o e diagn\u00f3stico da situa\u00e7\u00e3o de refer\u00eancia, a elabora\u00e7\u00e3o do modelo de ordenamento e a Avalia\u00e7\u00e3o Ambiental Estrat\u00e9gica. O trabalho resultante do MOOC ser\u00e1 <strong>essencial para a gest\u00e3o desta extensa zona costeira<\/strong> que conjuga uma excecional multiplicidade de usos, que importa garantir, manter e desenvolver.<\/p>","protected":false},"excerpt":{"rendered":"<p>O Modelo de Ordenamento para a Orla Costeira (MOOC) Espichel-Odeceixe insere-se num novo conceito do ordenamento do territ\u00f3rio que surge precisamente na fase de revis\u00e3o dos anteriores planos de ordenamento da orla costeira (POOC). A \u00e1rea de interven\u00e7\u00e3o do MOOC &#8230;<\/p>\n","protected":false},"author":4,"featured_media":2680,"parent":164,"menu_order":1,"comment_status":"open","ping_status":"open","template":"","meta":{"_acf_changed":false,"footnotes":""},"class_list":["post-2673","page","type-page","status-publish","has-post-thumbnail","hentry"],"acf":[],"_links":{"self":[{"href":"https:\/\/www.nemus.pt\/pt\/wp-json\/wp\/v2\/pages\/2673","targetHints":{"allow":["GET"]}}],"collection":[{"href":"https:\/\/www.nemus.pt\/pt\/wp-json\/wp\/v2\/pages"}],"about":[{"href":"https:\/\/www.nemus.pt\/pt\/wp-json\/wp\/v2\/types\/page"}],"author":[{"embeddable":true,"href":"https:\/\/www.nemus.pt\/pt\/wp-json\/wp\/v2\/users\/4"}],"replies":[{"embeddable":true,"href":"https:\/\/www.nemus.pt\/pt\/wp-json\/wp\/v2\/comments?post=2673"}],"version-history":[{"count":0,"href":"https:\/\/www.nemus.pt\/pt\/wp-json\/wp\/v2\/pages\/2673\/revisions"}],"up":[{"embeddable":true,"href":"https:\/\/www.nemus.pt\/pt\/wp-json\/wp\/v2\/pages\/164"}],"wp:featuredmedia":[{"embeddable":true,"href":"https:\/\/www.nemus.pt\/pt\/wp-json\/wp\/v2\/media\/2680"}],"wp:attachment":[{"href":"https:\/\/www.nemus.pt\/pt\/wp-json\/wp\/v2\/media?parent=2673"}],"curies":[{"name":"wp","href":"https:\/\/api.w.org\/{rel}","templated":true}]}}

Modelo de Ordenamento para a Orla Costeira do Sudoeste de Portugal (troço costeiro Espichel-Odeceixe)

<p>O Modelo de Ordenamento para a Orla Costeira (MOOC) Espichel-Odeceixe insere-se num novo conceito do ordenamento do território que surge precisamente na fase de revisão dos anteriores <strong>planos de ordenamento da orla costeira</strong> (POOC).</p>
<p>A área de intervenção do MOOC Espichel-Odeceixe abrange um troço costeiro de 220 km (mais de 20% da linha de costa de Portugal continental), que apresenta uma diversidade apreciável de condições fisiográficas. Esta faixa litoral tem reduzida ocupação humana e possui diversas zonas de <strong>grande relevância ecológica</strong>, sendo de realçar quatro áreas da Rede Nacional de Áreas Protegidas e nove áreas da Rede Natura 2000; na área abrangida pelo MOOC situa-se o único local do mundo onde as cegonhas nidificam em rochedos marítimos e ainda a única zona em Portugal, e das últimas na Europa, onde é possível ver lontras-europeias a caçar no mar.</p>
<p>Para além da riqueza ecológica, este troço costeiro é ainda reconhecido como importante <strong>destino turístico</strong>, característica que é conjugada de forma notável com um impressionante <strong>desenvolvimento industrial</strong>, relacionada com a presença das áreas portuárias de Setúbal e de Sines (este último, o primeiro porto nacional em volume de carga movimentada).</p>
<p>Os trabalhos a desenvolver no âmbito do MOOC Espichel-Odeceixe incluem o balanço da implementação dos POOC em vigor, a caracterização e diagnóstico da situação de referência, a elaboração do modelo de ordenamento e a Avaliação Ambiental Estratégica. O trabalho resultante do MOOC será <strong>essencial para a gestão desta extensa zona costeira</strong> que conjuga uma excecional multiplicidade de usos, que importa garantir, manter e desenvolver.</p>

<p>O Modelo de Ordenamento para a Orla Costeira (MOOC) Espichel-Odeceixe insere-se num novo conceito do ordenamento do território que surge precisamente na fase de revisão dos anteriores planos de ordenamento da orla costeira (POOC). A área de intervenção do MOOC &#8230;</p>
