{"id":2819,"date":"2017-09-14T17:05:16","date_gmt":"2017-09-14T17:05:16","guid":{"rendered":"http:\/\/www.nemus.pt\/pt\/?page_id=2819"},"modified":"2020-09-01T15:37:35","modified_gmt":"2020-09-01T15:37:35","slug":"desenvolvimento-de-planos-de-gestao-detalhados-das-sub-bacias-do-sistema-de-zonas-humidas-de-gikondo-e-nyabugogo","status":"publish","type":"page","link":"https:\/\/www.nemus.pt\/pt\/projetos\/reabilitacao-ambiental\/desenvolvimento-de-planos-de-gestao-detalhados-das-sub-bacias-do-sistema-de-zonas-humidas-de-gikondo-e-nyabugogo\/","title":{"rendered":"Planos de gest\u00e3o das sub-bacias das zonas h\u00famidas de Gikondo e Nyabugogo, Ruanda"},"content":{"rendered":"<p>As zonas h\u00famidas de Gikondo e Nyabugogo s\u00e3o um sistema de p\u00e2ntanos com uma elevada relev\u00e2ncia ambiental, j\u00e1 que abastecem os cursos de \u00e1gua a jusante, que apenas mant\u00eam o seu caudal nas \u00e9pocas de seca devido a estas reservas; estas zonas h\u00famidas t\u00eam tamb\u00e9m grande import\u00e2ncia social e econ\u00f3mica, porque sustentam atividade agr\u00edcola, pecu\u00e1ria e uso dom\u00e9stico, em alguns casos acima da sua capacidade de regenera\u00e7\u00e3o, sendo excessivamente drenados.<\/p>\n<p>O objetivo deste projeto foi conceber <strong>planos de gest\u00e3o detalhados para a restaura\u00e7\u00e3o e desenvolvimento<\/strong> duma \u00e1rea de 500 ha, que cobre a zona h\u00famida de Gikondo e parte da zona h\u00famida de Nyabugogo. Esta \u00e1rea encontra-se particularmente degradada (solos, vegeta\u00e7\u00e3o e \u00e1gua) e a crescente ocupa\u00e7\u00e3o humana faz prever um agravamento das situa\u00e7\u00f5es de risco que t\u00eam ocorrido com uma regularidade cada vez maior: cheias que afetam e destroem infraestruturas e eros\u00e3o severa e progressiva dos solos.<\/p>\n<p>Especificamente na zona h\u00famida de Gikondo, existe uma zona industrial, estabelecida nos anos 70, que alberga uma grande variedade de ind\u00fastrias que descarregam efluentes com toxinas, que amea\u00e7am o ambiente e a sa\u00fade humana e que s\u00e3o, por isso, fonte de grande preocupa\u00e7\u00e3o, principalmente para as comunidades que residem nas encostas imediatamente a jusante.<\/p>\n<p>As principais tarefas deste projeto foram:<\/p>\n<ul>\n<li>Avalia\u00e7\u00e3o social da \u00e1rea da zona h\u00famida para se enquadrarem os usos das comunidades envolventes;<\/li>\n<li>A pondera\u00e7\u00e3o de op\u00e7\u00f5es de restaura\u00e7\u00e3o e de desenvolvimento baseadas numa an\u00e1lise custo-benef\u00edcio, e considerando os interesses e necessidades de popula\u00e7\u00f5es e ind\u00fastrias;<\/li>\n<li>O desenvolvimento de projetos de restaura\u00e7\u00e3o e projetos de desenvolvimento para restaurar o funcionamento ecol\u00f3gico do complexo de zonas h\u00famidas de Gikondo e Nyabugogo.<\/li>\n<\/ul>\n<p><\/p>","protected":false},"excerpt":{"rendered":"<p>As zonas h\u00famidas de Gikondo e Nyabugogo s\u00e3o um sistema de p\u00e2ntanos com uma elevada relev\u00e2ncia ambiental, j\u00e1 que abastecem os cursos de \u00e1gua a jusante, que apenas mant\u00eam o seu caudal nas \u00e9pocas de seca devido a estas reservas; &#8230;<\/p>\n","protected":false},"author":4,"featured_media":2821,"parent":170,"menu_order":1,"comment_status":"closed","ping_status":"closed","template":"","meta":{"_acf_changed":false,"footnotes":""},"class_list":["post-2819","page","type-page","status-publish","has-post-thumbnail","hentry"],"acf":[],"_links":{"self":[{"href":"https:\/\/www.nemus.pt\/pt\/wp-json\/wp\/v2\/pages\/2819","targetHints":{"allow":["GET"]}}],"collection":[{"href":"https:\/\/www.nemus.pt\/pt\/wp-json\/wp\/v2\/pages"}],"about":[{"href":"https:\/\/www.nemus.pt\/pt\/wp-json\/wp\/v2\/types\/page"}],"author":[{"embeddable":true,"href":"https:\/\/www.nemus.pt\/pt\/wp-json\/wp\/v2\/users\/4"}],"replies":[{"embeddable":true,"href":"https:\/\/www.nemus.pt\/pt\/wp-json\/wp\/v2\/comments?post=2819"}],"version-history":[{"count":0,"href":"https:\/\/www.nemus.pt\/pt\/wp-json\/wp\/v2\/pages\/2819\/revisions"}],"up":[{"embeddable":true,"href":"https:\/\/www.nemus.pt\/pt\/wp-json\/wp\/v2\/pages\/170"}],"wp:featuredmedia":[{"embeddable":true,"href":"https:\/\/www.nemus.pt\/pt\/wp-json\/wp\/v2\/media\/2821"}],"wp:attachment":[{"href":"https:\/\/www.nemus.pt\/pt\/wp-json\/wp\/v2\/media?parent=2819"}],"curies":[{"name":"wp","href":"https:\/\/api.w.org\/{rel}","templated":true}]}}

Planos de gestão das sub-bacias das zonas húmidas de Gikondo e Nyabugogo, Ruanda

<p>As zonas húmidas de Gikondo e Nyabugogo são um sistema de pântanos com uma elevada relevância ambiental, já que abastecem os cursos de água a jusante, que apenas mantêm o seu caudal nas épocas de seca devido a estas reservas; estas zonas húmidas têm também grande importância social e económica, porque sustentam atividade agrícola, pecuária e uso doméstico, em alguns casos acima da sua capacidade de regeneração, sendo excessivamente drenados.</p>
<p>O objetivo deste projeto foi conceber <strong>planos de gestão detalhados para a restauração e desenvolvimento</strong> duma área de 500 ha, que cobre a zona húmida de Gikondo e parte da zona húmida de Nyabugogo. Esta área encontra-se particularmente degradada (solos, vegetação e água) e a crescente ocupação humana faz prever um agravamento das situações de risco que têm ocorrido com uma regularidade cada vez maior: cheias que afetam e destroem infraestruturas e erosão severa e progressiva dos solos.</p>
<p>Especificamente na zona húmida de Gikondo, existe uma zona industrial, estabelecida nos anos 70, que alberga uma grande variedade de indústrias que descarregam efluentes com toxinas, que ameaçam o ambiente e a saúde humana e que são, por isso, fonte de grande preocupação, principalmente para as comunidades que residem nas encostas imediatamente a jusante.</p>
<p>As principais tarefas deste projeto foram:</p>
<ul>
<li>Avaliação social da área da zona húmida para se enquadrarem os usos das comunidades envolventes;</li>
<li>A ponderação de opções de restauração e de desenvolvimento baseadas numa análise custo-benefício, e considerando os interesses e necessidades de populações e indústrias;</li>
<li>O desenvolvimento de projetos de restauração e projetos de desenvolvimento para restaurar o funcionamento ecológico do complexo de zonas húmidas de Gikondo e Nyabugogo.</li>
</ul>
<p></p>

<p>As zonas húmidas de Gikondo e Nyabugogo são um sistema de pântanos com uma elevada relevância ambiental, já que abastecem os cursos de água a jusante, que apenas mantêm o seu caudal nas épocas de seca devido a estas reservas; &#8230;</p>
