{"id":3003,"date":"2018-11-23T13:35:14","date_gmt":"2018-11-23T13:35:14","guid":{"rendered":"http:\/\/www.nemus.pt\/pt\/?page_id=3003"},"modified":"2018-11-23T13:52:44","modified_gmt":"2018-11-23T13:52:44","slug":"analise-custo-beneficio-das-medidas-de-adaptacao-propostas-no-ambito-do-plano-intermunicipal-de-adaptacao-as-alteracoes-climaticas-da-cim-rc","status":"publish","type":"page","link":"https:\/\/www.nemus.pt\/pt\/projetos\/alteracoes-climaticas\/analise-custo-beneficio-das-medidas-de-adaptacao-propostas-no-ambito-do-plano-intermunicipal-de-adaptacao-as-alteracoes-climaticas-da-cim-rc\/","title":{"rendered":"An\u00e1lise custo-benef\u00edcio das medidas de adapta\u00e7\u00e3o propostas no \u00e2mbito do Plano Intermunicipal de Adapta\u00e7\u00e3o \u00e0s Altera\u00e7\u00f5es Clim\u00e1ticas da CIM-RC"},"content":{"rendered":"<p>Elaborado para a Universidade de Coimbra (Portugal), o trabalho consistiu na an\u00e1lise custo-benef\u00edcio das medidas de adapta\u00e7\u00e3o propostas no \u00e2mbito do Plano Intermunicipal de Adapta\u00e7\u00e3o \u00e0s Altera\u00e7\u00f5es Clim\u00e1ticas (PIAAC) da Comunidade Intermunicipal da Regi\u00e3o de Coimbra (CIM-RC). O PIAAC da regi\u00e3o de Coimbra contempla a avalia\u00e7\u00e3o da vulnerabilidade \u00e0s altera\u00e7\u00f5es clim\u00e1ticas atual e futura dessa regi\u00e3o, bem como a identifica\u00e7\u00e3o, defini\u00e7\u00e3o e caracteriza\u00e7\u00e3o de op\u00e7\u00f5es e medidas de adapta\u00e7\u00e3o a essas altera\u00e7\u00f5es, e a prioriza\u00e7\u00e3o das op\u00e7\u00f5es e medidas especificadamente para a CIM-RC.<\/p>\n<p>No \u00e2mbito do trabalho, foram avaliadas as medidas e a\u00e7\u00f5es de cada \u00e1rea tem\u00e1tica (agricultura, alimenta\u00e7\u00e3o, florestas, \u00e1reas naturais e biodiversidade, recursos h\u00eddricos, estu\u00e1rios e zonas costeiras, energia, turismo, sa\u00fade e a\u00e7\u00f5es transversais), tendo em conta crit\u00e9rios de prioridade e efic\u00e1cia. Foram ainda identificados v\u00e1rios fundos e programas operacionais que poderiam ser usados para financiar as medidas identificadas no documento apresentado, para al\u00e9m de terem sido detalhadas tamb\u00e9m a\u00e7\u00f5es de adapta\u00e7\u00e3o relacionadas com as necessidades financeiras e possibilidades de financiamento.<\/p>","protected":false},"excerpt":{"rendered":"<p>Elaborado para a Universidade de Coimbra (Portugal), o trabalho consistiu na an\u00e1lise custo-benef\u00edcio das medidas de adapta\u00e7\u00e3o propostas no \u00e2mbito do Plano Intermunicipal de Adapta\u00e7\u00e3o \u00e0s Altera\u00e7\u00f5es Clim\u00e1ticas (PIAAC) da Comunidade Intermunicipal da Regi\u00e3o de Coimbra (CIM-RC). O PIAAC da &#8230;<\/p>\n","protected":false},"author":4,"featured_media":3004,"parent":176,"menu_order":2,"comment_status":"closed","ping_status":"closed","template":"","meta":{"_acf_changed":false,"footnotes":""},"class_list":["post-3003","page","type-page","status-publish","has-post-thumbnail","hentry"],"acf":[],"_links":{"self":[{"href":"https:\/\/www.nemus.pt\/pt\/wp-json\/wp\/v2\/pages\/3003","targetHints":{"allow":["GET"]}}],"collection":[{"href":"https:\/\/www.nemus.pt\/pt\/wp-json\/wp\/v2\/pages"}],"about":[{"href":"https:\/\/www.nemus.pt\/pt\/wp-json\/wp\/v2\/types\/page"}],"author":[{"embeddable":true,"href":"https:\/\/www.nemus.pt\/pt\/wp-json\/wp\/v2\/users\/4"}],"replies":[{"embeddable":true,"href":"https:\/\/www.nemus.pt\/pt\/wp-json\/wp\/v2\/comments?post=3003"}],"version-history":[{"count":0,"href":"https:\/\/www.nemus.pt\/pt\/wp-json\/wp\/v2\/pages\/3003\/revisions"}],"up":[{"embeddable":true,"href":"https:\/\/www.nemus.pt\/pt\/wp-json\/wp\/v2\/pages\/176"}],"wp:featuredmedia":[{"embeddable":true,"href":"https:\/\/www.nemus.pt\/pt\/wp-json\/wp\/v2\/media\/3004"}],"wp:attachment":[{"href":"https:\/\/www.nemus.pt\/pt\/wp-json\/wp\/v2\/media?parent=3003"}],"curies":[{"name":"wp","href":"https:\/\/api.w.org\/{rel}","templated":true}]}}

Análise custo-benefício das medidas de adaptação propostas no âmbito do Plano Intermunicipal de Adaptação às Alterações Climáticas da CIM-RC

<p>Elaborado para a Universidade de Coimbra (Portugal), o trabalho consistiu na análise custo-benefício das medidas de adaptação propostas no âmbito do Plano Intermunicipal de Adaptação às Alterações Climáticas (PIAAC) da Comunidade Intermunicipal da Região de Coimbra (CIM-RC). O PIAAC da região de Coimbra contempla a avaliação da vulnerabilidade às alterações climáticas atual e futura dessa região, bem como a identificação, definição e caracterização de opções e medidas de adaptação a essas alterações, e a priorização das opções e medidas especificadamente para a CIM-RC.</p>
<p>No âmbito do trabalho, foram avaliadas as medidas e ações de cada área temática (agricultura, alimentação, florestas, áreas naturais e biodiversidade, recursos hídricos, estuários e zonas costeiras, energia, turismo, saúde e ações transversais), tendo em conta critérios de prioridade e eficácia. Foram ainda identificados vários fundos e programas operacionais que poderiam ser usados para financiar as medidas identificadas no documento apresentado, para além de terem sido detalhadas também ações de adaptação relacionadas com as necessidades financeiras e possibilidades de financiamento.</p>

<p>Elaborado para a Universidade de Coimbra (Portugal), o trabalho consistiu na análise custo-benefício das medidas de adaptação propostas no âmbito do Plano Intermunicipal de Adaptação às Alterações Climáticas (PIAAC) da Comunidade Intermunicipal da Região de Coimbra (CIM-RC). O PIAAC da &#8230;</p>
