{"id":510,"date":"2014-03-13T14:48:15","date_gmt":"2014-03-13T14:48:15","guid":{"rendered":"http:\/\/www.nemus.pt\/?page_id=510"},"modified":"2015-07-17T17:41:25","modified_gmt":"2015-07-17T17:41:25","slug":"requalificacao-da-ria-formosa-2","status":"publish","type":"page","link":"https:\/\/www.nemus.pt\/pt\/projetos\/areas-marinhas-e-costeiras\/requalificacao-da-ria-formosa\/","title":{"rendered":"Requalifica\u00e7\u00e3o da ria Formosa, Portugal"},"content":{"rendered":"<p>A Avalia\u00e7\u00e3o Ambiental Estrat\u00e9gica do Plano de requalifica\u00e7\u00e3o e valoriza\u00e7\u00e3o da ria Formosa teve como objetivo identificar as oportunidades de prote\u00e7\u00e3o ambiental e de desenvolvimento sustent\u00e1vel para uma vasta <b>zona costeira e lagunar no sul de Portugal <\/b>(cerca de 19 mil hectares), com elevada <b>sensibilidade ambiental e paisag\u00edstica <\/b>e modos de vida assentes nos recursos naturais.<\/p>\n<p>Desse estudo resultou um conjunto de recomenda\u00e7\u00f5es e a identifica\u00e7\u00e3o das medidas de gest\u00e3o necess\u00e1rias para cumprir a legisla\u00e7\u00e3o ambiental e para tornar a \u00e1rea numa zona de <b>refer\u00eancia em termos de sustentabilidade<\/b>. Foram preconizadas a\u00e7\u00f5es de prote\u00e7\u00e3o da faixa costeira, de conserva\u00e7\u00e3o da natureza, de qualifica\u00e7\u00e3o da paisagem e das frentes ribeirinhas, e de valoriza\u00e7\u00e3o dos recursos da ria Formosa.<\/p>\n<p>No trabalho multidisciplinar realizado sobressai o <i>know-how<\/i> espec\u00edfico da Nemus, que tem sido aplicado na <b>valoriza\u00e7\u00e3o de diversas \u00e1reas costeiras<\/b>. Outro exemplo \u00e9 a avalia\u00e7\u00e3o similar efetuada no mesmo ano para a Sociedade Polis Litoral Ria de Aveiro.<\/p>","protected":false},"excerpt":{"rendered":"<p>A Avalia\u00e7\u00e3o Ambiental Estrat\u00e9gica do Plano de requalifica\u00e7\u00e3o e valoriza\u00e7\u00e3o da ria Formosa teve como objetivo identificar as oportunidades de prote\u00e7\u00e3o ambiental e de desenvolvimento sustent\u00e1vel para uma vasta zona costeira e lagunar no sul de Portugal (cerca de 19 &#8230;<\/p>\n","protected":false},"author":3,"featured_media":2268,"parent":164,"menu_order":3,"comment_status":"open","ping_status":"open","template":"","meta":{"_acf_changed":false,"footnotes":""},"class_list":["post-510","page","type-page","status-publish","has-post-thumbnail","hentry"],"acf":[],"_links":{"self":[{"href":"https:\/\/www.nemus.pt\/pt\/wp-json\/wp\/v2\/pages\/510","targetHints":{"allow":["GET"]}}],"collection":[{"href":"https:\/\/www.nemus.pt\/pt\/wp-json\/wp\/v2\/pages"}],"about":[{"href":"https:\/\/www.nemus.pt\/pt\/wp-json\/wp\/v2\/types\/page"}],"author":[{"embeddable":true,"href":"https:\/\/www.nemus.pt\/pt\/wp-json\/wp\/v2\/users\/3"}],"replies":[{"embeddable":true,"href":"https:\/\/www.nemus.pt\/pt\/wp-json\/wp\/v2\/comments?post=510"}],"version-history":[{"count":0,"href":"https:\/\/www.nemus.pt\/pt\/wp-json\/wp\/v2\/pages\/510\/revisions"}],"up":[{"embeddable":true,"href":"https:\/\/www.nemus.pt\/pt\/wp-json\/wp\/v2\/pages\/164"}],"wp:featuredmedia":[{"embeddable":true,"href":"https:\/\/www.nemus.pt\/pt\/wp-json\/wp\/v2\/media\/2268"}],"wp:attachment":[{"href":"https:\/\/www.nemus.pt\/pt\/wp-json\/wp\/v2\/media?parent=510"}],"curies":[{"name":"wp","href":"https:\/\/api.w.org\/{rel}","templated":true}]}}

Requalificação da ria Formosa, Portugal

<p>A Avaliação Ambiental Estratégica do Plano de requalificação e valorização da ria Formosa teve como objetivo identificar as oportunidades de proteção ambiental e de desenvolvimento sustentável para uma vasta <b>zona costeira e lagunar no sul de Portugal </b>(cerca de 19 mil hectares), com elevada <b>sensibilidade ambiental e paisagística </b>e modos de vida assentes nos recursos naturais.</p>
<p>Desse estudo resultou um conjunto de recomendações e a identificação das medidas de gestão necessárias para cumprir a legislação ambiental e para tornar a área numa zona de <b>referência em termos de sustentabilidade</b>. Foram preconizadas ações de proteção da faixa costeira, de conservação da natureza, de qualificação da paisagem e das frentes ribeirinhas, e de valorização dos recursos da ria Formosa.</p>
<p>No trabalho multidisciplinar realizado sobressai o <i>know-how</i> específico da Nemus, que tem sido aplicado na <b>valorização de diversas áreas costeiras</b>. Outro exemplo é a avaliação similar efetuada no mesmo ano para a Sociedade Polis Litoral Ria de Aveiro.</p>

<p>A Avaliação Ambiental Estratégica do Plano de requalificação e valorização da ria Formosa teve como objetivo identificar as oportunidades de proteção ambiental e de desenvolvimento sustentável para uma vasta zona costeira e lagunar no sul de Portugal (cerca de 19 &#8230;</p>
