{"id":546,"date":"2014-03-13T16:21:03","date_gmt":"2014-03-13T16:21:03","guid":{"rendered":"http:\/\/www.nemus.pt\/?page_id=546"},"modified":"2014-10-30T11:11:38","modified_gmt":"2014-10-30T11:11:38","slug":"ordenamento-de-albufeiras-portugal","status":"publish","type":"page","link":"https:\/\/www.nemus.pt\/pt\/projetos\/agua\/ordenamento-de-albufeiras-portugal\/","title":{"rendered":"Ordenamento de albufeiras, Portugal"},"content":{"rendered":"<p>A maioria destes planos refere-se ao sul de Portugal, onde a escassez de \u00e1gua e a agricultura extensiva colocam desafios importantes ao ordenamento do territ\u00f3rio e \u00e0 prote\u00e7\u00e3o dos recursos naturais. Ao plano para as albufeiras de Alqueva e Pedr\u00f3g\u00e3o, realizado em 2001 em colabora\u00e7\u00e3o com o cons\u00f3rcio FBO\/Chiron, seguiram-se os de Enxo\u00e9 em 2005, Odelouca, em 2007, Odeleite, em 2010 e Foz do Tua para a EDP, a decorrer desde 2013.<\/p>\n<p>A elabora\u00e7\u00e3o destes planos especiais de ordenamento \u00e9 determinada por legisla\u00e7\u00e3o pr\u00f3pria que preconiza o estabelecimento de regimes de salvaguarda dos recursos naturais, com especial destaque para os h\u00eddricos, que permitam a gest\u00e3o da albufeira e da sua envolvente e assegurem a articula\u00e7\u00e3o entre as diferentes entidades competentes na \u00e1rea.<\/p>\n<p>Os trabalhos incluem o levantamento da situa\u00e7\u00e3o, os estudos de base, a pr\u00e9-proposta de ordenamento, o projeto do Plano, com a proposta de ordenamento, a defini\u00e7\u00e3o do zonamento, a regulamenta\u00e7\u00e3o, o programa de execu\u00e7\u00e3o e financiamento e o programa de monitoriza\u00e7\u00e3o da qualidade da \u00e1gua e, finalmente, a condu\u00e7\u00e3o do processo de discuss\u00e3o p\u00fablica.<\/p>","protected":false},"excerpt":{"rendered":"<p>A maioria destes planos refere-se ao sul de Portugal, onde a escassez de \u00e1gua e a agricultura extensiva colocam desafios importantes ao ordenamento do territ\u00f3rio e \u00e0 prote\u00e7\u00e3o dos recursos naturais. Ao plano para as albufeiras de Alqueva e Pedr\u00f3g\u00e3o, &#8230;<\/p>\n","protected":false},"author":3,"featured_media":2178,"parent":166,"menu_order":2,"comment_status":"open","ping_status":"closed","template":"","meta":{"_acf_changed":false,"footnotes":""},"class_list":["post-546","page","type-page","status-publish","has-post-thumbnail","hentry"],"acf":[],"_links":{"self":[{"href":"https:\/\/www.nemus.pt\/pt\/wp-json\/wp\/v2\/pages\/546","targetHints":{"allow":["GET"]}}],"collection":[{"href":"https:\/\/www.nemus.pt\/pt\/wp-json\/wp\/v2\/pages"}],"about":[{"href":"https:\/\/www.nemus.pt\/pt\/wp-json\/wp\/v2\/types\/page"}],"author":[{"embeddable":true,"href":"https:\/\/www.nemus.pt\/pt\/wp-json\/wp\/v2\/users\/3"}],"replies":[{"embeddable":true,"href":"https:\/\/www.nemus.pt\/pt\/wp-json\/wp\/v2\/comments?post=546"}],"version-history":[{"count":0,"href":"https:\/\/www.nemus.pt\/pt\/wp-json\/wp\/v2\/pages\/546\/revisions"}],"up":[{"embeddable":true,"href":"https:\/\/www.nemus.pt\/pt\/wp-json\/wp\/v2\/pages\/166"}],"wp:featuredmedia":[{"embeddable":true,"href":"https:\/\/www.nemus.pt\/pt\/wp-json\/wp\/v2\/media\/2178"}],"wp:attachment":[{"href":"https:\/\/www.nemus.pt\/pt\/wp-json\/wp\/v2\/media?parent=546"}],"curies":[{"name":"wp","href":"https:\/\/api.w.org\/{rel}","templated":true}]}}

<p>A maioria destes planos refere-se ao sul de Portugal, onde a escassez de água e a agricultura extensiva colocam desafios importantes ao ordenamento do território e à proteção dos recursos naturais. Ao plano para as albufeiras de Alqueva e Pedrógão, realizado em 2001 em colaboração com o consórcio FBO/Chiron, seguiram-se os de Enxoé em 2005, Odelouca, em 2007, Odeleite, em 2010 e Foz do Tua para a EDP, a decorrer desde 2013.</p>
<p>A elaboração destes planos especiais de ordenamento é determinada por legislação própria que preconiza o estabelecimento de regimes de salvaguarda dos recursos naturais, com especial destaque para os hídricos, que permitam a gestão da albufeira e da sua envolvente e assegurem a articulação entre as diferentes entidades competentes na área.</p>
<p>Os trabalhos incluem o levantamento da situação, os estudos de base, a pré-proposta de ordenamento, o projeto do Plano, com a proposta de ordenamento, a definição do zonamento, a regulamentação, o programa de execução e financiamento e o programa de monitorização da qualidade da água e, finalmente, a condução do processo de discussão pública.</p>

<p>A maioria destes planos refere-se ao sul de Portugal, onde a escassez de água e a agricultura extensiva colocam desafios importantes ao ordenamento do território e à proteção dos recursos naturais. Ao plano para as albufeiras de Alqueva e Pedrógão, &#8230;</p>
