{"id":558,"date":"2014-03-14T10:51:02","date_gmt":"2014-03-14T10:51:02","guid":{"rendered":"http:\/\/www.nemus.pt\/?page_id=558"},"modified":"2020-05-14T10:11:32","modified_gmt":"2020-05-14T10:11:32","slug":"plano-nacional-da-agua-2010","status":"publish","type":"page","link":"https:\/\/www.nemus.pt\/pt\/projetos\/politicas-publicas\/plano-nacional-da-agua-2010\/","title":{"rendered":"Plano Nacional da \u00c1gua 2010, Portugal"},"content":{"rendered":"<p><\/p>\n<p align=\"left\">No Plano Nacional da \u00c1gua de 2010, a Nemus foi respons\u00e1vel pela execu\u00e7\u00e3o do tema estrat\u00e9gico \u201cConhecimento, Forma\u00e7\u00e3o, Informa\u00e7\u00e3o e Participa\u00e7\u00e3o P\u00fablica\u201d.<\/p>\n<p align=\"left\">O Plano Nacional da \u00c1gua \u00e9 o instrumento de gest\u00e3o estrat\u00e9gica das \u00e1guas, que estabelece as grandes op\u00e7\u00f5es da pol\u00edtica nacional da \u00e1gua, os princ\u00edpios e as linhas de orienta\u00e7\u00e3o dessa pol\u00edtica.<\/p>\n<p align=\"left\">O projeto realizado em todo o territ\u00f3rio portugu\u00eas incidiu sobre os processos de produ\u00e7\u00e3o e recolha de informa\u00e7\u00e3o, os instrumentos e metodologias de transmiss\u00e3o e a adequa\u00e7\u00e3o do seu conte\u00fado aos objetivos. Na fase de diagn\u00f3stico, a Nemus promoveu inqu\u00e9ritos e entrevistas presenciais com os respons\u00e1veis das principais entidades competentes em mat\u00e9ria de gest\u00e3o da \u00e1gua. Seguiu-se um <i>workshop<\/i> com estes respons\u00e1veis para discutir os resultados e as solu\u00e7\u00f5es propostas para os tr\u00eas grandes problemas identificados: a qualifica\u00e7\u00e3o institucional para a gest\u00e3o da \u00e1gua,a comunica\u00e7\u00e3o e participa\u00e7\u00e3o p\u00fablica e os sistemas de informa\u00e7\u00e3o sobre a \u00e1gua.<\/p>\n<p><\/p>","protected":false},"excerpt":{"rendered":"<p>No Plano Nacional da \u00c1gua de 2010, a Nemus foi respons\u00e1vel pela execu\u00e7\u00e3o do tema estrat\u00e9gico \u201cConhecimento, Forma\u00e7\u00e3o, Informa\u00e7\u00e3o e Participa\u00e7\u00e3o P\u00fablica\u201d. O Plano Nacional da \u00c1gua \u00e9 o instrumento de gest\u00e3o estrat\u00e9gica das \u00e1guas, que estabelece as grandes op\u00e7\u00f5es &#8230;<\/p>\n","protected":false},"author":3,"featured_media":2179,"parent":171,"menu_order":4,"comment_status":"open","ping_status":"open","template":"","meta":{"_acf_changed":false,"footnotes":""},"class_list":["post-558","page","type-page","status-publish","has-post-thumbnail","hentry"],"acf":[],"_links":{"self":[{"href":"https:\/\/www.nemus.pt\/pt\/wp-json\/wp\/v2\/pages\/558","targetHints":{"allow":["GET"]}}],"collection":[{"href":"https:\/\/www.nemus.pt\/pt\/wp-json\/wp\/v2\/pages"}],"about":[{"href":"https:\/\/www.nemus.pt\/pt\/wp-json\/wp\/v2\/types\/page"}],"author":[{"embeddable":true,"href":"https:\/\/www.nemus.pt\/pt\/wp-json\/wp\/v2\/users\/3"}],"replies":[{"embeddable":true,"href":"https:\/\/www.nemus.pt\/pt\/wp-json\/wp\/v2\/comments?post=558"}],"version-history":[{"count":0,"href":"https:\/\/www.nemus.pt\/pt\/wp-json\/wp\/v2\/pages\/558\/revisions"}],"up":[{"embeddable":true,"href":"https:\/\/www.nemus.pt\/pt\/wp-json\/wp\/v2\/pages\/171"}],"wp:featuredmedia":[{"embeddable":true,"href":"https:\/\/www.nemus.pt\/pt\/wp-json\/wp\/v2\/media\/2179"}],"wp:attachment":[{"href":"https:\/\/www.nemus.pt\/pt\/wp-json\/wp\/v2\/media?parent=558"}],"curies":[{"name":"wp","href":"https:\/\/api.w.org\/{rel}","templated":true}]}}

Plano Nacional da Água 2010, Portugal

<p></p>
<p align="left">No Plano Nacional da Água de 2010, a Nemus foi responsável pela execução do tema estratégico “Conhecimento, Formação, Informação e Participação Pública”.</p>
<p align="left">O Plano Nacional da Água é o instrumento de gestão estratégica das águas, que estabelece as grandes opções da política nacional da água, os princípios e as linhas de orientação dessa política.</p>
<p align="left">O projeto realizado em todo o território português incidiu sobre os processos de produção e recolha de informação, os instrumentos e metodologias de transmissão e a adequação do seu conteúdo aos objetivos. Na fase de diagnóstico, a Nemus promoveu inquéritos e entrevistas presenciais com os responsáveis das principais entidades competentes em matéria de gestão da água. Seguiu-se um <i>workshop</i> com estes responsáveis para discutir os resultados e as soluções propostas para os três grandes problemas identificados: a qualificação institucional para a gestão da água,a comunicação e participação pública e os sistemas de informação sobre a água.</p>
<p></p>

<p>No Plano Nacional da Água de 2010, a Nemus foi responsável pela execução do tema estratégico “Conhecimento, Formação, Informação e Participação Pública”. O Plano Nacional da Água é o instrumento de gestão estratégica das águas, que estabelece as grandes opções &#8230;</p>
