{"id":581,"date":"2014-03-14T11:34:50","date_gmt":"2014-03-14T11:34:50","guid":{"rendered":"http:\/\/www.nemus.pt\/?page_id=581"},"modified":"2016-10-28T16:48:26","modified_gmt":"2016-10-28T16:48:26","slug":"reabilitacao-dos-cabos-da-roca-e-sardao","status":"publish","type":"page","link":"https:\/\/www.nemus.pt\/pt\/projetos\/reabilitacao-ambiental\/reabilitacao-dos-cabos-da-roca-e-sardao\/","title":{"rendered":"Reabilita\u00e7\u00e3o dos cabos da Roca e Sard\u00e3o, Portugal"},"content":{"rendered":"<p><\/p>\n<p align=\"left\">Os projetos de reabilita\u00e7\u00e3o e valoriza\u00e7\u00e3o do cabo da Roca e de reposi\u00e7\u00e3o das condi\u00e7\u00f5es de ambiente natural no cabo Sard\u00e3o\/Entrada da Barca t\u00eam como objetivos a requalifica\u00e7\u00e3o e prote\u00e7\u00e3o desses tro\u00e7os da orla costeira.<\/p>\n<p align=\"left\">Trata-se de valorizar dois tro\u00e7os emblem\u00e1ticos da orla costeira portuguesa, dotando-os das estruturas necess\u00e1rias para receber adequadamente os visitantes, em projetos de ordenamentodos percursos, adequa\u00e7\u00e3o dos estacionamentos, comunica\u00e7\u00e3o e informa\u00e7\u00e3o ambiental e recupera\u00e7\u00e3o da vegeta\u00e7\u00e3o aut\u00f3ctone.<\/p>\n<p align=\"left\">A interven\u00e7\u00e3o no cabo da Roca decorreu entre 2008 e 2011. O projeto para a Polis Litoral Sudoeste iniciou-se em 2011 mas foi precedido por um Plano para a Unidade Operativa de Planeamento e Gest\u00e3o do Cabo Sard\u00e3o \u2013 Entrada da Barca, desenvolvido em 2002 para o ent\u00e3o Instituto da Conserva\u00e7\u00e3o da Natureza.<\/p>\n<p><\/p>","protected":false},"excerpt":{"rendered":"<p>Os projetos de reabilita\u00e7\u00e3o e valoriza\u00e7\u00e3o do cabo da Roca e de reposi\u00e7\u00e3o das condi\u00e7\u00f5es de ambiente natural no cabo Sard\u00e3o\/Entrada da Barca t\u00eam como objetivos a requalifica\u00e7\u00e3o e prote\u00e7\u00e3o desses tro\u00e7os da orla costeira. Trata-se de valorizar dois tro\u00e7os &#8230;<\/p>\n","protected":false},"author":3,"featured_media":2202,"parent":170,"menu_order":2,"comment_status":"open","ping_status":"closed","template":"","meta":{"_acf_changed":false,"footnotes":""},"class_list":["post-581","page","type-page","status-publish","has-post-thumbnail","hentry"],"acf":[],"_links":{"self":[{"href":"https:\/\/www.nemus.pt\/pt\/wp-json\/wp\/v2\/pages\/581","targetHints":{"allow":["GET"]}}],"collection":[{"href":"https:\/\/www.nemus.pt\/pt\/wp-json\/wp\/v2\/pages"}],"about":[{"href":"https:\/\/www.nemus.pt\/pt\/wp-json\/wp\/v2\/types\/page"}],"author":[{"embeddable":true,"href":"https:\/\/www.nemus.pt\/pt\/wp-json\/wp\/v2\/users\/3"}],"replies":[{"embeddable":true,"href":"https:\/\/www.nemus.pt\/pt\/wp-json\/wp\/v2\/comments?post=581"}],"version-history":[{"count":0,"href":"https:\/\/www.nemus.pt\/pt\/wp-json\/wp\/v2\/pages\/581\/revisions"}],"up":[{"embeddable":true,"href":"https:\/\/www.nemus.pt\/pt\/wp-json\/wp\/v2\/pages\/170"}],"wp:featuredmedia":[{"embeddable":true,"href":"https:\/\/www.nemus.pt\/pt\/wp-json\/wp\/v2\/media\/2202"}],"wp:attachment":[{"href":"https:\/\/www.nemus.pt\/pt\/wp-json\/wp\/v2\/media?parent=581"}],"curies":[{"name":"wp","href":"https:\/\/api.w.org\/{rel}","templated":true}]}}

Reabilitação dos cabos da Roca e Sardão, Portugal

<p></p>
<p align="left">Os projetos de reabilitação e valorização do cabo da Roca e de reposição das condições de ambiente natural no cabo Sardão/Entrada da Barca têm como objetivos a requalificação e proteção desses troços da orla costeira.</p>
<p align="left">Trata-se de valorizar dois troços emblemáticos da orla costeira portuguesa, dotando-os das estruturas necessárias para receber adequadamente os visitantes, em projetos de ordenamentodos percursos, adequação dos estacionamentos, comunicação e informação ambiental e recuperação da vegetação autóctone.</p>
<p align="left">A intervenção no cabo da Roca decorreu entre 2008 e 2011. O projeto para a Polis Litoral Sudoeste iniciou-se em 2011 mas foi precedido por um Plano para a Unidade Operativa de Planeamento e Gestão do Cabo Sardão – Entrada da Barca, desenvolvido em 2002 para o então Instituto da Conservação da Natureza.</p>
<p></p>

<p>Os projetos de reabilitação e valorização do cabo da Roca e de reposição das condições de ambiente natural no cabo Sardão/Entrada da Barca têm como objetivos a requalificação e proteção desses troços da orla costeira. Trata-se de valorizar dois troços &#8230;</p>
